{"id":1716,"date":"2022-07-18T19:14:52","date_gmt":"2022-07-18T17:14:52","guid":{"rendered":"https:\/\/juk.hmkw.de\/perspektive-journalismus\/?page_id=1716"},"modified":"2022-07-20T09:20:55","modified_gmt":"2022-07-20T07:20:55","slug":"bunt","status":"publish","type":"page","link":"https:\/\/juk.hmkw.de\/perspektive-journalismus\/bunt\/","title":{"rendered":"bunt"},"content":{"rendered":"\n<p><em>Im Journalismus fehlen vielf\u00e4ltige, bunte Perspektiven. Dar\u00fcber sind sich viele einig. Nur vielf\u00e4ltige Redaktionen k\u00f6nnen eine gesamte Gesellschaft abbilden. Daf\u00fcr braucht es andere Blickwinkel, Expertise und unterschiedliche Stimmen. <\/em><\/p>\n\n\n\t\t\n\t\t\n\t\t<style>\n\t\t\n\t\t#list_69e101205c8d5 .wpucv-list article.wpucv-featured-post h2.wpucv-post-title {\n\t\t\t\t\t\tfont-size: 20px !important;\n\t\t\t\t\t\t\n\t\t\t\t\t\tline-height: 26px !important;\n\t\t\t\t\t\t\n\t\t\t\t\t\tfont-weight: 700 !important;\n\t\t\t\t\t}\n\t\t\n\t\t\t\t#list_69e101205c8d5 .wpucv-list article.wpucv-featured-post .wpucv-post-title,\n\t\t#list_69e101205c8d5 .wpucv-list article.wpucv-featured-post .wpucv-post-title a,\n\t\t#list_69e101205c8d5 .wpucv-list article.wpucv-featured-post .wpucv-post-title a:visited{\n\t\t\tcolor: #232323 !important;\n\t\t}\n\t\t\t\t\n\t\t\t\t#list_69e101205c8d5 .wpucv-list article.wpucv-featured-post .wpucv-post-title a:hover,\n\t\t#list_69e101205c8d5 .wpucv-list article.wpucv-featured-post .wpucv-post-title a:active {\n\t\t\tcolor: #232323 !important;\n\t\t}\n\t\t\t\t\n\t\t#list_69e101205c8d5 .wpucv-list article.wpucv-featured-post .wpucv-post-meta,\n\t\t#list_69e101205c8d5 .wpucv-list article.wpucv-featured-post .wpucv-post-meta a{\n\t\t\t\t\t\tfont-size: 12px !important;\n\t\t\t\t\t\t\n\t\t\t\t\t\tline-height: 16px !important;\n\t\t\t\t\t\t\n\t\t\t\t\t\tfont-weight: 400 !important;\n\t\t\t\t\t\t\n\t\t\t\t\t\tcolor: #888888 !important;\n\t\t\t\t\t}\n\t\t\n\t\t#list_69e101205c8d5 .wpucv-list article.wpucv-featured-post p.wpucv-excerpt{\n\t\t\t\t\t\tfont-size: 13px !important;\n\t\t\t\t\t\t\n\t\t\t\t\t\tline-height: 17px !important;\n\t\t\t\t\t\t\n\t\t\t\t\t\tfont-weight: 400 !important;\n\t\t\t\t\t\t\n\t\t\t\t\t\tcolor: #333333 !important;\n\t\t\t\t\t}\n\t\t\n\t\t#list_69e101205c8d5 .wpucv-list article.wpucv-featured-post a.wpucv-read-more,\n\t\t#list_69e101205c8d5 .wpucv-list article.wpucv-featured-post a.wpucv-read-more.wpucv-button{\n\t\t\t\t\t\tcolor: #FFFFFF !important;\n\t\t\t\t\t\t\n\t\t\t\t\t\tfont-size: 14px !important;\n\t\t\t\t\t\t\n\t\t\t\t\t\tline-height: 14px !important;\n\t\t\t\t\t\t\n\t\t\t\t\t\tfont-weight: 400 !important;\n\t\t\t\t\t\t\n\t\t\t-webkit-transition: all 0.7s !important;\n\t\t\t-moz-transition: all 0.7s !important;\n\t\t\t-o-transition: all 0.7s !important;\n\t\t\ttransition: all 0.7s !important;\n\t\t}\n\t\t\n\t\t\t\t#list_69e101205c8d5 .wpucv-list article.wpucv-featured-post a.wpucv-read-more,\n\t\t#list_69e101205c8d5 .wpucv-list article.wpucv-featured-post a.wpucv-read-more.wpucv-button{\n\t\t\tbackground-color: #5e5e5e !important;\n\t\t}\n\t\t\t\t\n\t\t\t\t#list_69e101205c8d5 .wpucv-list article.wpucv-featured-post a.wpucv-read-more:hover,\n\t\t#list_69e101205c8d5 .wpucv-list article.wpucv-featured-post a.wpucv-read-more:active,\n\t\t#list_69e101205c8d5 .wpucv-list article.wpucv-featured-post a.wpucv-read-more.wpucv-button:hover,\n\t\t#list_69e101205c8d5 .wpucv-list article.wpucv-featured-post a.wpucv-read-more.wpucv-button:active{\n\t\t\tcolor: #FFFFFF !important;\n\t\t}\n\t\t\t\t\n\t\t\t\t#list_69e101205c8d5 .wpucv-list article.wpucv-featured-post a.wpucv-read-more.wpucv-button:hover,\n\t\t#list_69e101205c8d5 .wpucv-list article.wpucv-featured-post a.wpucv-read-more.wpucv-button:active{\n\t\t\tbackground-color: #5e5e5e !important;\n\t\t}\n\t\t\t\t\n\t\t#list_69e101205c8d5 .wpucv-list article h2.wpucv-post-title{\n\t\t\t\t\t\tfont-size: 20px !important;\n\t\t\t\t\t\t\n\t\t\t\t\t\tline-height: 26px !important;\n\t\t\t\t\t\t\n\t\t\t\t\t\tfont-weight: 700 !important;\n\t\t\t\t\t}\n\t\t\n\t\t\t\t#list_69e101205c8d5 .wpucv-list article .wpucv-post-title,\n\t\t#list_69e101205c8d5 .wpucv-list article .wpucv-post-title a,\n\t\t#list_69e101205c8d5 .wpucv-list article .wpucv-post-title a:visited{\n\t\t\tcolor: #232323 !important;\n\t\t}\n\t\t\t\t\n\t\t\t\t#list_69e101205c8d5 .wpucv-list article .wpucv-post-title a:hover,\n\t\t#list_69e101205c8d5 .wpucv-list article .wpucv-post-title a:active {\n\t\t\tcolor: #232323 !important;\n\t\t}\n\t\t\t\t\n\t\t#list_69e101205c8d5 .wpucv-list article .wpucv-post-meta{\n\t\t\t\t\t\tfont-size: 12px !important;\n\t\t\t\t\t\t\n\t\t\t\t\t\tline-height: 16px !important;\n\t\t\t\t\t\t\n\t\t\t\t\t\tfont-weight: 400 !important;\n\t\t\t\t\t}\n\t\t\n\t\t\t\t#list_69e101205c8d5 .wpucv-list article .wpucv-post-meta,\n\t\t#list_69e101205c8d5 .wpucv-list article .wpucv-post-meta a,\n\t\t#list_69e101205c8d5 .wpucv-list article .wpucv-post-meta a:visited,\n\t\t#list_69e101205c8d5 .wpucv-list article .wpucv-post-meta a:hover,\n\t\t#list_69e101205c8d5 .wpucv-list article .wpucv-post-meta a:active{\n\t\t\tcolor: #888888 !important;\n\t\t}\n\t\t\t\t\n\t\t#list_69e101205c8d5 .wpucv-list article p.wpucv-excerpt{\n\t\t\t\t\t\tfont-size: 13px !important;\n\t\t\t\t\t\t\n\t\t\t\t\t\tline-height: 17px !important;\n\t\t\t\t\t\t\n\t\t\t\t\t\tfont-weight: 400 !important;\n\t\t\t\n\t\t\t\t\t\tcolor: #333333 !important;\n\t\t\t\t\t}\n\t\t\n\t\t#list_69e101205c8d5 .wpucv-list article a.wpucv-read-more,\n\t\t#list_69e101205c8d5 .wpucv-list article a.wpucv-read-more.wpucv-button{\n\t\t\t\t\t\tcolor: #FFFFFF !important;\n\t\t\t\t\t\t\n\t\t\t\t\t\tfont-size: 14px !important;\n\t\t\t\t\t\t\n\t\t\t\t\t\tline-height: 14px !important;\n\t\t\t\t\t\t\n\t\t\t\t\t\tfont-weight: 400 !important;\n\t\t\t\n\t\t\t-webkit-transition: all 0.7s !important;\n\t\t\t-moz-transition: all 0.7s !important;\n\t\t\t-o-transition: all 0.7s !important;\n\t\t\ttransition: all 0.7s !important;\n\t\t}\n\t\t\n\t\t\t\t#list_69e101205c8d5 .wpucv-list article a.wpucv-read-more.wpucv-button{\n\t\t\tbackground-color: #4200c1 !important;\n\t\t}\n\t\t\t\t\n\t\t\t\t#list_69e101205c8d5 .wpucv-list article a.wpucv-read-more:hover,\n\t\t#list_69e101205c8d5 .wpucv-list article a.wpucv-read-more:active,\n\t\t#list_69e101205c8d5 .wpucv-list article a.wpucv-read-more.wpucv-button:hover,\n\t\t#list_69e101205c8d5 .wpucv-list article a.wpucv-read-more.wpucv-button:active{\n\t\t\tcolor: #FFFFFF !important;\n\t\t}\n\t\t\t\t\n\t\t\t\t#list_69e101205c8d5 .wpucv-list article a.wpucv-read-more.wpucv-button:hover,\n\t\t#list_69e101205c8d5 .wpucv-list article a.wpucv-read-more.wpucv-button:active{\n\t\t\tbackground-color: #5e5e5e !important;\n\t\t}\n\t\t\t\t\n\t\t\t\t\n\t\t#list_69e101205c8d5 .wpucv-pagination-wrapper .wpucv-pagination li a{\n\t\t\t\t\t\tcolor: #FFFFFF !important;\n\t\t\t\t\t\t\n\t\t\t\t\t\tbackground-color: #4584ED !important;\n\t\t\t\t\t}\n\t\t\n\t\t#list_69e101205c8d5 .wpucv-pagination-wrapper .wpucv-pagination li a:hover,\n\t\t#list_69e101205c8d5 .wpucv-pagination-wrapper .wpucv-pagination li span{\n\t\t\t\t\t\tcolor: #FFFFFF !important;\n\t\t\t\t\t\t\n\t\t\t\t\t\tbackground-color: #adadad !important;\n\t\t\t\t\t}\n\t\t\n\t\t\t\t\n\t\t\t\t\n\t\t\t\t#list_69e101205c8d5 .wpucv-list.wpucv-style06 article {\n\t\t\t text-align: center;\n\t\t}\n\t\t\t\t\n\t\t\t\t\n\t\t\t\t\n\t\t\t\t#list_69e101205c8d5 .wpucv-list.wpucv-style02 article {\n\t\t\tpadding-left: 10px !important;\n\t\t\tpadding-right: 10px !important;\n\t\t}\n\t\t\t\t\n\t\t\t\t#list_69e101205c8d5 .wpucv-list.wpucv-style02 article {\n\t\t\tpadding-top: 10px !important;\n\t\t\tpadding-bottom: 10px !important;\n\t\t}\n\t\t\t\t\n\t\t\t\t#list_69e101205c8d5 .wpucv-list.wpucv-style05 .cell {\n\t\t\tpadding: 5px !important;\n\t\t}\n\t\t\t\t\n\t\t\t\t<\/style>\n\t\t\t\t<div class=\"wpucv\" id=\"list_69e101205c8d5\">\n\t\t\t\t\t\t\t\t\t\t\t\n\t\t\t\t<div class=\"wpucv-list-wrapper\">\n\t\t\t\t\t\n<div class=\"wpucv-list wpucv-style02\">\n\t\t\t<div class=\"grid-x\">\n\t\t\t\t\t\t\t\t\t\t\t\n\t\t\t\t\t\t\t\t\t\t\t\t\n\t\t\t\t\n\t\t\t\t<article id=\"post-4808\" class=\"cell small-12 medium-6 large-4\" itemscope itemtype=\"http:\/\/schema.org\/Article\">\n\t\t\t\t\t<a class=\"wpucv-image-link-wrapper\" href=\"https:\/\/juk.hmkw.de\/perspektive-journalismus\/der-jugend-eine-stimme-geben\/\" title=\"Der Jugend eine Stimme geben: Salon 5\u00a0\">\n\t\t\t\t\t\t\t\t\t\t\t\t\t<img class=\"wpucv-image-responsive\" src=\"https:\/\/juk.hmkw.de\/perspektive-journalismus\/wp-content\/uploads\/sites\/13\/2023\/07\/FA565ACD-2707-479D-9F4A-4DEA93CBE44D-360x240.png\" srcset=\"https:\/\/juk.hmkw.de\/perspektive-journalismus\/wp-content\/uploads\/sites\/13\/2023\/07\/FA565ACD-2707-479D-9F4A-4DEA93CBE44D-360x240.png 360w, https:\/\/juk.hmkw.de\/perspektive-journalismus\/wp-content\/uploads\/sites\/13\/2023\/07\/FA565ACD-2707-479D-9F4A-4DEA93CBE44D-600x400.png 600w\" sizes=\"(max-width: 639px) 600w, (min-width: 640px) 360w\" title=\"Der Jugend eine Stimme geben: Salon 5\u00a0\" alt=\"Der Jugend eine Stimme geben: Salon 5\u00a0\" itemprop=\"image\">\n\t\t\t\t\t\t\t\t\t\t\t<\/a>\n\t\t\t\t\t<h2 class=\"wpucv-post-title\" itemprop=\"name headline\">\n\t\t\t\t\t\t<a href=\"https:\/\/juk.hmkw.de\/perspektive-journalismus\/der-jugend-eine-stimme-geben\/\">Der Jugend eine Stimme geben: Salon 5\u00a0<\/a>\n\t\t\t\t\t<\/h2>\n\n\t\t\t\t\t<div class=\"wpucv-post-meta\"><a href=\"https:\/\/juk.hmkw.de\/perspektive-journalismus\/author\/alinaschunk\/\" title=\"Beitr\u00e4ge von Alina Schunk\" rel=\"author\" itemprop=\"author\" itemscope=\"itemscope\" itemtype=\"https:\/\/schema.org\/Person\">Alina Schunk<\/a>&nbsp;|&nbsp;<time datetime=\"2023-07-21\">21. Juli 2023<\/time><\/div>\n\t\t\t\t\t<p class=\"wpucv-excerpt\">Jugendliche f\u00fcr Journalismus begeistern? Dieser Aufgabe geht das Bottrop Projekt Salon 5 nach. Hier k\u00f6nnen Jugendliche journalistische Praktiken ausprobieren.<\/p><a class=\"wpucv-button wpucv-read-more\" href=\"https:\/\/juk.hmkw.de\/perspektive-journalismus\/der-jugend-eine-stimme-geben\/\" title=\"Der Jugend eine Stimme geben: Salon 5\u00a0\">Mehr erfahren<\/a>\t\t\t\t<\/article>\n\t\t\t\t\t\t\t\t\t\t\t\n\t\t\t\t\t\t\t\t\t\t\t\t\n\t\t\t\t\n\t\t\t\t<article id=\"post-2181\" class=\"cell small-12 medium-6 large-4\" itemscope itemtype=\"http:\/\/schema.org\/Article\">\n\t\t\t\t\t<a class=\"wpucv-image-link-wrapper\" href=\"https:\/\/juk.hmkw.de\/perspektive-journalismus\/diversitaet-muss-zur-normalitaet-werden\/\" title=\"Diversit\u00e4t muss zur Normalit\u00e4t werden!\">\n\t\t\t\t\t\t\t\t\t\t\t\t\t<img class=\"wpucv-image-responsive\" src=\"https:\/\/juk.hmkw.de\/perspektive-journalismus\/wp-content\/uploads\/sites\/13\/2022\/07\/Screenshot-172-e1658740468138-360x240.png\" srcset=\"https:\/\/juk.hmkw.de\/perspektive-journalismus\/wp-content\/uploads\/sites\/13\/2022\/07\/Screenshot-172-e1658740468138-360x240.png 360w, https:\/\/juk.hmkw.de\/perspektive-journalismus\/wp-content\/uploads\/sites\/13\/2022\/07\/Screenshot-172-e1658740468138-600x400.png 600w\" sizes=\"(max-width: 639px) 600w, (min-width: 640px) 360w\" title=\"Diversit\u00e4t muss zur Normalit\u00e4t werden!\" alt=\"Diversit\u00e4t muss zur Normalit\u00e4t werden!\" itemprop=\"image\">\n\t\t\t\t\t\t\t\t\t\t\t<\/a>\n\t\t\t\t\t<h2 class=\"wpucv-post-title\" itemprop=\"name headline\">\n\t\t\t\t\t\t<a href=\"https:\/\/juk.hmkw.de\/perspektive-journalismus\/diversitaet-muss-zur-normalitaet-werden\/\">Diversit\u00e4t muss zur Normalit\u00e4t werden!<\/a>\n\t\t\t\t\t<\/h2>\n\n\t\t\t\t\t<div class=\"wpucv-post-meta\"><a href=\"https:\/\/juk.hmkw.de\/perspektive-journalismus\/author\/sharmini\/\" title=\"Beitr\u00e4ge von Sarmini Sivanathan\" rel=\"author\" itemprop=\"author\" itemscope=\"itemscope\" itemtype=\"https:\/\/schema.org\/Person\">Sarmini Sivanathan<\/a>&nbsp;|&nbsp;<time datetime=\"2022-07-23\">23. Juli 2022<\/time><\/div>\n\t\t\t\t\t<p class=\"wpucv-excerpt\">\ud83d\udd8a\ufe0f\ud83d\udcf7Ein Kommentar von Sarmini Sivanathan \u00fcber die mangelnde Diversit\u00e4t in deutschen Redaktionen.<\/p><a class=\"wpucv-button wpucv-read-more\" href=\"https:\/\/juk.hmkw.de\/perspektive-journalismus\/diversitaet-muss-zur-normalitaet-werden\/\" title=\"Diversit\u00e4t muss zur Normalit\u00e4t werden!\">Mehr erfahren<\/a>\t\t\t\t<\/article>\n\t\t\t\t\t\t\t\t\t\t\t\n\t\t\t\t\t\t\t\t\t\t\t\t\n\t\t\t\t\n\t\t\t\t<article id=\"post-2137\" class=\"cell small-12 medium-6 large-4\" itemscope itemtype=\"http:\/\/schema.org\/Article\">\n\t\t\t\t\t<a class=\"wpucv-image-link-wrapper\" href=\"https:\/\/juk.hmkw.de\/perspektive-journalismus\/diversitaet-ist-kein-fremdwort-oder-doch\/\" title=\"Diversit\u00e4t ist kein Fremdwort &#8211; oder doch?\">\n\t\t\t\t\t\t\t\t\t\t\t\t\t<img class=\"wpucv-image-responsive\" src=\"https:\/\/juk.hmkw.de\/perspektive-journalismus\/wp-content\/uploads\/sites\/13\/2022\/07\/Diversitaet-1-360x240.png\" srcset=\"https:\/\/juk.hmkw.de\/perspektive-journalismus\/wp-content\/uploads\/sites\/13\/2022\/07\/Diversitaet-1-360x240.png 360w, https:\/\/juk.hmkw.de\/perspektive-journalismus\/wp-content\/uploads\/sites\/13\/2022\/07\/Diversitaet-1-600x400.png 600w\" sizes=\"(max-width: 639px) 600w, (min-width: 640px) 360w\" title=\"Diversit\u00e4t ist kein Fremdwort &#8211; oder doch?\" alt=\"Diversit\u00e4t ist kein Fremdwort &#8211; oder doch?\" itemprop=\"image\">\n\t\t\t\t\t\t\t\t\t\t\t<\/a>\n\t\t\t\t\t<h2 class=\"wpucv-post-title\" itemprop=\"name headline\">\n\t\t\t\t\t\t<a href=\"https:\/\/juk.hmkw.de\/perspektive-journalismus\/diversitaet-ist-kein-fremdwort-oder-doch\/\">Diversit\u00e4t ist kein Fremdwort &#8211; oder doch?<\/a>\n\t\t\t\t\t<\/h2>\n\n\t\t\t\t\t<div class=\"wpucv-post-meta\"><a href=\"https:\/\/juk.hmkw.de\/perspektive-journalismus\/author\/sharmini\/\" title=\"Beitr\u00e4ge von Sarmini Sivanathan\" rel=\"author\" itemprop=\"author\" itemscope=\"itemscope\" itemtype=\"https:\/\/schema.org\/Person\">Sarmini Sivanathan<\/a>&nbsp;|&nbsp;<time datetime=\"2022-07-23\">23. Juli 2022<\/time><\/div>\n\t\t\t\t\t<p class=\"wpucv-excerpt\">\ud83d\udd8a\ufe0f\ud83c\udfa5\ud83d\udd0aDu willst nun wissen, wie divers deutsche Redaktionen wirklich sind? Frau Professorin Horz-Ishak kl\u00e4rt dich auf!<\/p><a class=\"wpucv-button wpucv-read-more\" href=\"https:\/\/juk.hmkw.de\/perspektive-journalismus\/diversitaet-ist-kein-fremdwort-oder-doch\/\" title=\"Diversit\u00e4t ist kein Fremdwort &#8211; oder doch?\">Mehr erfahren<\/a>\t\t\t\t<\/article>\n\t\t\t\t\t\t\t\t\t\t\t\n\t\t\t\t\t\t\t\t\t\t\t\t\n\t\t\t\t\n\t\t\t\t<article id=\"post-1837\" class=\"cell small-12 medium-6 large-4\" itemscope itemtype=\"http:\/\/schema.org\/Article\">\n\t\t\t\t\t<a class=\"wpucv-image-link-wrapper\" href=\"https:\/\/juk.hmkw.de\/perspektive-journalismus\/test-so-wuerde-das-quiz-aussehen\/\" title=\"Wie divers ist die deutsche Medienlandschaft? &#8211; Teste dein Wissen!\">\n\t\t\t\t\t\t\t\t\t\t\t\t\t<img class=\"wpucv-image-responsive\" src=\"https:\/\/juk.hmkw.de\/perspektive-journalismus\/wp-content\/uploads\/sites\/13\/2022\/07\/diversity-5582454_1920-360x240.jpg\" srcset=\"https:\/\/juk.hmkw.de\/perspektive-journalismus\/wp-content\/uploads\/sites\/13\/2022\/07\/diversity-5582454_1920-360x240.jpg 360w, https:\/\/juk.hmkw.de\/perspektive-journalismus\/wp-content\/uploads\/sites\/13\/2022\/07\/diversity-5582454_1920-600x400.jpg 600w\" sizes=\"(max-width: 639px) 600w, (min-width: 640px) 360w\" title=\"Wie divers ist die deutsche Medienlandschaft? &#8211; Teste dein Wissen!\" alt=\"Wie divers ist die deutsche Medienlandschaft? &#8211; Teste dein Wissen!\" itemprop=\"image\">\n\t\t\t\t\t\t\t\t\t\t\t<\/a>\n\t\t\t\t\t<h2 class=\"wpucv-post-title\" itemprop=\"name headline\">\n\t\t\t\t\t\t<a href=\"https:\/\/juk.hmkw.de\/perspektive-journalismus\/test-so-wuerde-das-quiz-aussehen\/\">Wie divers ist die deutsche Medienlandschaft? &#8211; Teste dein Wissen!<\/a>\n\t\t\t\t\t<\/h2>\n\n\t\t\t\t\t<div class=\"wpucv-post-meta\"><a href=\"https:\/\/juk.hmkw.de\/perspektive-journalismus\/author\/sharmini\/\" title=\"Beitr\u00e4ge von Sarmini Sivanathan\" rel=\"author\" itemprop=\"author\" itemscope=\"itemscope\" itemtype=\"https:\/\/schema.org\/Person\">Sarmini Sivanathan<\/a>&nbsp;|&nbsp;<time datetime=\"2022-07-20\">20. Juli 2022<\/time><\/div>\n\t\t\t\t\t<p class=\"wpucv-excerpt\">\ud83d\udd8a\ufe0f\u2754Sind Redaktionen wirklich diverser geworden? Oder nutzen sie Diversit\u00e4t als Instrument, um sich zu profilieren? Dein Wissen ist gefragt!<\/p><a class=\"wpucv-button wpucv-read-more\" href=\"https:\/\/juk.hmkw.de\/perspektive-journalismus\/test-so-wuerde-das-quiz-aussehen\/\" title=\"Wie divers ist die deutsche Medienlandschaft? &#8211; Teste dein Wissen!\">Mehr erfahren<\/a>\t\t\t\t<\/article>\n\t\t\t\t\t\t\t\t\t\t\t\n\t\t\t\t\t\t\t\t\t\t\t\t\n\t\t\t\t\n\t\t\t\t<article id=\"post-353\" class=\"cell small-12 medium-6 large-4\" itemscope itemtype=\"http:\/\/schema.org\/Article\">\n\t\t\t\t\t<a class=\"wpucv-image-link-wrapper\" href=\"https:\/\/juk.hmkw.de\/perspektive-journalismus\/renk-das-magazin-gegen-vorurteile-der-bipoc-community\/\" title=\"Das renk. Magazin \u2013 ein bisschen Farbe gef\u00e4llig?\">\n\t\t\t\t\t\t\t\t\t\t\t\t\t<img class=\"wpucv-image-responsive\" src=\"https:\/\/juk.hmkw.de\/perspektive-journalismus\/wp-content\/uploads\/sites\/13\/2022\/06\/Comak_Rojda_DJ06_01-360x240.jpg\" srcset=\"https:\/\/juk.hmkw.de\/perspektive-journalismus\/wp-content\/uploads\/sites\/13\/2022\/06\/Comak_Rojda_DJ06_01-360x240.jpg 360w, https:\/\/juk.hmkw.de\/perspektive-journalismus\/wp-content\/uploads\/sites\/13\/2022\/06\/Comak_Rojda_DJ06_01-600x400.jpg 600w\" sizes=\"(max-width: 639px) 600w, (min-width: 640px) 360w\" title=\"Das renk. Magazin \u2013 ein bisschen Farbe gef\u00e4llig?\" alt=\"Das renk. Magazin \u2013 ein bisschen Farbe gef\u00e4llig?\" itemprop=\"image\">\n\t\t\t\t\t\t\t\t\t\t\t<\/a>\n\t\t\t\t\t<h2 class=\"wpucv-post-title\" itemprop=\"name headline\">\n\t\t\t\t\t\t<a href=\"https:\/\/juk.hmkw.de\/perspektive-journalismus\/renk-das-magazin-gegen-vorurteile-der-bipoc-community\/\">Das renk. Magazin \u2013 ein bisschen Farbe gef\u00e4llig?<\/a>\n\t\t\t\t\t<\/h2>\n\n\t\t\t\t\t<div class=\"wpucv-post-meta\"><a href=\"https:\/\/juk.hmkw.de\/perspektive-journalismus\/author\/rcomak\/\" title=\"Beitr\u00e4ge von Rojda \u00c7omak\" rel=\"author\" itemprop=\"author\" itemscope=\"itemscope\" itemtype=\"https:\/\/schema.org\/Person\">Rojda \u00c7omak<\/a>&nbsp;|&nbsp;<time datetime=\"2022-06-27\">27. Juni 2022<\/time><\/div>\n\t\t\t\t\t<p class=\"wpucv-excerpt\">\ud83d\udd8a\ufe0f\ud83c\udfa5\ud83d\udd0a\ud83d\udcf7 renk. ist ein Magazin, welches \u00fcber Themen, die die Black, Indigenous, People of Color-Community (BIPoC-Community) betreffen, berichtet. Diese sind&hellip;<\/p><a class=\"wpucv-button wpucv-read-more\" href=\"https:\/\/juk.hmkw.de\/perspektive-journalismus\/renk-das-magazin-gegen-vorurteile-der-bipoc-community\/\" title=\"Das renk. Magazin \u2013 ein bisschen Farbe gef\u00e4llig?\">Mehr erfahren<\/a>\t\t\t\t<\/article>\n\t\t\t\t\t\t\t\t\t\t\t\n\t\t\t\t\t\t\t\t\t\t\t\t\n\t\t\t\t\n\t\t\t\t<article id=\"post-319\" class=\"cell small-12 medium-6 large-4\" itemscope itemtype=\"http:\/\/schema.org\/Article\">\n\t\t\t\t\t<a class=\"wpucv-image-link-wrapper\" href=\"https:\/\/juk.hmkw.de\/perspektive-journalismus\/unterschiede-in-der-kriegsberichterstattung-in-den-westlichen-medien\/\" title=\"Die vermeintlich Unzivilisierten\">\n\t\t\t\t\t\t\t\t\t\t\t\t\t<img class=\"wpucv-image-responsive\" src=\"https:\/\/juk.hmkw.de\/perspektive-journalismus\/wp-content\/uploads\/sites\/13\/2022\/07\/levi-meir-clancy-LheHIV3XpGM-unsplash-scaled-360x240.jpg\" srcset=\"https:\/\/juk.hmkw.de\/perspektive-journalismus\/wp-content\/uploads\/sites\/13\/2022\/07\/levi-meir-clancy-LheHIV3XpGM-unsplash-scaled-360x240.jpg 360w, https:\/\/juk.hmkw.de\/perspektive-journalismus\/wp-content\/uploads\/sites\/13\/2022\/07\/levi-meir-clancy-LheHIV3XpGM-unsplash-scaled-600x400.jpg 600w\" sizes=\"(max-width: 639px) 600w, (min-width: 640px) 360w\" title=\"Die vermeintlich Unzivilisierten\" alt=\"Die vermeintlich Unzivilisierten\" itemprop=\"image\">\n\t\t\t\t\t\t\t\t\t\t\t<\/a>\n\t\t\t\t\t<h2 class=\"wpucv-post-title\" itemprop=\"name headline\">\n\t\t\t\t\t\t<a href=\"https:\/\/juk.hmkw.de\/perspektive-journalismus\/unterschiede-in-der-kriegsberichterstattung-in-den-westlichen-medien\/\">Die vermeintlich Unzivilisierten<\/a>\n\t\t\t\t\t<\/h2>\n\n\t\t\t\t\t<div class=\"wpucv-post-meta\"><a href=\"https:\/\/juk.hmkw.de\/perspektive-journalismus\/author\/rcomak\/\" title=\"Beitr\u00e4ge von Rojda \u00c7omak\" rel=\"author\" itemprop=\"author\" itemscope=\"itemscope\" itemtype=\"https:\/\/schema.org\/Person\">Rojda \u00c7omak<\/a>&nbsp;|&nbsp;<time datetime=\"2022-06-27\">27. Juni 2022<\/time><\/div>\n\t\t\t\t\t<p class=\"wpucv-excerpt\">\ud83d\udd8a\ufe0f\ud83c\udfa5\ud83d\udd0a Ein Vergleich zwischen Ukraine und Syrien \u2013 W\u00e4hrend des Krieges in der Ukraine wurde deutlich, dass die Berichterstattung \u00fcber&hellip;<\/p><a class=\"wpucv-button wpucv-read-more\" href=\"https:\/\/juk.hmkw.de\/perspektive-journalismus\/unterschiede-in-der-kriegsberichterstattung-in-den-westlichen-medien\/\" title=\"Die vermeintlich Unzivilisierten\">Mehr erfahren<\/a>\t\t\t\t<\/article>\n\t\t\t\t\t<\/div>\n\t<\/div>\t\t\t\t<\/div>\n\t\t\t\t\n\t\t\t\t\t\t\t\t<div class=\"wpucv-pagination-wrapper clearfix\">\n\t\t\t\t\t\t\t\t\t<\/div>\n\t\t\t\t\t\t\t\t\t<\/div>\n\t\t\n","protected":false},"excerpt":{"rendered":"<p class=\"has-medium-font-size\"><strong>Ein Vergleich der medialen Pr\u00e4senz ukrainischer und syrischer Gefl\u00fcchteter zeigt: es gibt gro\u00dfe Unterschiede in der Berichterstattung westlicher Medien\u00a0<\/strong><\/p>\n\n\n\n<p>2022 markiert eine Wende: Nach jahrelanger Abschottungspolitik erkl\u00e4rt sich Deutschland bereit, unbegrenzt ukrainische Gefl\u00fcchtete aufzunehmen. Gefl\u00fcchtete aus der Ukraine genie\u00dfen ungew\u00f6hnliche Privielegien. &raquo; <a href=\"https:\/\/juk.hmkw.de\/perspektive-journalismus\/unterschiede-in-der-kriegsberichterstattung-in-den-westlichen-medien\/\" class=\"read-more\">Publikation jetzt lesen <span class=\"screen-reader-text\"> &#8220;Die vermeintlich Unzivilisierten&#8221;<\/span><\/a><\/p>","protected":false},"author":70,"featured_media":0,"parent":0,"menu_order":0,"comment_status":"closed","ping_status":"closed","template":"","meta":{"om_disable_all_campaigns":false,"_mi_skip_tracking":false,"site-sidebar-layout":"default","site-content-layout":"default","ast-site-content-layout":"","site-content-style":"default","site-sidebar-style":"default","ast-global-header-display":"","ast-banner-title-visibility":"","ast-main-header-display":"","ast-hfb-above-header-display":"","ast-hfb-below-header-display":"","ast-hfb-mobile-header-display":"","site-post-title":"","ast-breadcrumbs-content":"","ast-featured-img":"","footer-sml-layout":"","theme-transparent-header-meta":"default","adv-header-id-meta":"","stick-header-meta":"","header-above-stick-meta":"","header-main-stick-meta":"","header-below-stick-meta":"","astra-migrate-meta-layouts":"default","ast-page-background-enabled":"default","ast-page-background-meta":{"desktop":{"background-color":"","background-image":"","background-repeat":"repeat","background-position":"center center","background-size":"auto","background-attachment":"scroll","background-type":"","background-media":"","overlay-type":"","overlay-color":"","overlay-opacity":"","overlay-gradient":""},"tablet":{"background-color":"","background-image":"","background-repeat":"repeat","background-position":"center center","background-size":"auto","background-attachment":"scroll","background-type":"","background-media":"","overlay-type":"","overlay-color":"","overlay-opacity":"","overlay-gradient":""},"mobile":{"background-color":"","background-image":"","background-repeat":"repeat","background-position":"center center","background-size":"auto","background-attachment":"scroll","background-type":"","background-media":"","overlay-type":"","overlay-color":"","overlay-opacity":"","overlay-gradient":""}},"ast-content-background-meta":{"desktop":{"background-color":"var(--ast-global-color-5)","background-image":"","background-repeat":"repeat","background-position":"center center","background-size":"auto","background-attachment":"scroll","background-type":"","background-media":"","overlay-type":"","overlay-color":"","overlay-opacity":"","overlay-gradient":""},"tablet":{"background-color":"var(--ast-global-color-5)","background-image":"","background-repeat":"repeat","background-position":"center center","background-size":"auto","background-attachment":"scroll","background-type":"","background-media":"","overlay-type":"","overlay-color":"","overlay-opacity":"","overlay-gradient":""},"mobile":{"background-color":"var(--ast-global-color-5)","background-image":"","background-repeat":"repeat","background-position":"center center","background-size":"auto","background-attachment":"scroll","background-type":"","background-media":"","overlay-type":"","overlay-color":"","overlay-opacity":"","overlay-gradient":""}}},"categories":[],"tags":[],"aioseo_notices":[],"_links":{"self":[{"href":"https:\/\/juk.hmkw.de\/perspektive-journalismus\/wp-json\/wp\/v2\/pages\/1716"}],"collection":[{"href":"https:\/\/juk.hmkw.de\/perspektive-journalismus\/wp-json\/wp\/v2\/pages"}],"about":[{"href":"https:\/\/juk.hmkw.de\/perspektive-journalismus\/wp-json\/wp\/v2\/types\/page"}],"author":[{"embeddable":true,"href":"https:\/\/juk.hmkw.de\/perspektive-journalismus\/wp-json\/wp\/v2\/users\/70"}],"replies":[{"embeddable":true,"href":"https:\/\/juk.hmkw.de\/perspektive-journalismus\/wp-json\/wp\/v2\/comments?post=1716"}],"version-history":[{"count":5,"href":"https:\/\/juk.hmkw.de\/perspektive-journalismus\/wp-json\/wp\/v2\/pages\/1716\/revisions"}],"predecessor-version":[{"id":4325,"href":"https:\/\/juk.hmkw.de\/perspektive-journalismus\/wp-json\/wp\/v2\/pages\/1716\/revisions\/4325"}],"wp:attachment":[{"href":"https:\/\/juk.hmkw.de\/perspektive-journalismus\/wp-json\/wp\/v2\/media?parent=1716"}],"wp:term":[{"taxonomy":"category","embeddable":true,"href":"https:\/\/juk.hmkw.de\/perspektive-journalismus\/wp-json\/wp\/v2\/categories?post=1716"},{"taxonomy":"post_tag","embeddable":true,"href":"https:\/\/juk.hmkw.de\/perspektive-journalismus\/wp-json\/wp\/v2\/tags?post=1716"}],"curies":[{"name":"wp","href":"https:\/\/api.w.org\/{rel}","templated":true}]}}