{"id":62,"date":"2020-07-13T13:33:15","date_gmt":"2020-07-13T13:33:15","guid":{"rendered":"https:\/\/nudeln-und-klopapier.wortgirls.de\/?page_id=62"},"modified":"2020-07-13T13:33:15","modified_gmt":"2020-07-13T13:33:15","slug":"stell-dir-vor-es-ist-fussball-und-keiner-geht-hin","status":"publish","type":"page","link":"https:\/\/juk.hmkw.de\/nudeln-und-klopapier\/stell-dir-vor-es-ist-fussball-und-keiner-geht-hin\/","title":{"rendered":"Stell dir vor es ist Fu\u00dfball &#8211; und keiner geht hin"},"content":{"rendered":"\n<h5 class=\"has-vivid-red-color has-text-color\">von Hannibal Wissing<\/h5>\n\n\n\n<p>Bundesliga mit Geisterspielen \u2013 ein Grund zur Freude, oder doch eher Gruselveranstaltung? Wie ein Fan und ein Mitarbeiter eines Bundesligavereins den Re-Start erlebten.<\/p>\n\n\n\n<div class=\"wp-container-3 wp-block-columns\">\n<div class=\"wp-container-1 wp-block-column\">\n<p class=\"has-drop-cap\">Dass man Corona nicht auf die leichte Schulter nehmen sollte, war klar. Dass deswegen der Fu\u00dfball unterbrochen wurde, hat mir erst aufgezeigt, wie ernst die Lage ist.\u201c Leon ist Student und z\u00e4hlt zur aktiven Fan Szene von Eintracht Frankfurt. Er opfert der Diva vom Main einen Gro\u00dfteil seiner Freizeit. Die Unterbrechung des Spielbetriebs empfand er nicht als willkommene Pause, um sich seiner Bachelorarbeit zu widmen. \u201eLeider gar nicht. Am Wochenende gehe ich immer ins Stadion. In der Kurve zu stehen und alles f\u00fcr die eigene Mannschaft zu geben, ist f\u00fcr mich ein genauso wichtiger Ausgleich wie f\u00fcr viele andere der Sport oder am Wochenende um die H\u00e4user zu ziehen\u201c, sagt er.<\/p>\n\n\n\n<p>Leon war aber nicht nur entt\u00e4uscht von der Saisonunterbrechung, er tut sich auch schwer mit dem Re-Start der Bundesliga. \u201eWer glaubt, es ginge um das Sportliche und den Zuschauer, hat Scheuklappen auf. Hohe Ticketpreise, dubiose Sponsoren-Deals, Geh\u00e4lter etc. sind Dinge, die einem aufzeigen, dass Geld eine viel zu gro\u00dfe Rolle im Fu\u00dfball spielt.\u201c Was die Bundesliga f\u00fcr Leon ausmache, sei nun mal die Fankultur, die durch die Geisterspiele komplett wegbreche. Ohne Fankulisse hat er wenig Interesse am Fu\u00dfball.<\/p>\n\n\n\n<p>Warum Woche f\u00fcr Woche millionenschwere Fu\u00dfballvereine spielen d\u00fcrfen, Kitas und Schulen aber zu bleiben m\u00fcssen, ist ihm ein gro\u00dfes R\u00e4tsel. Das decke auf, was aus seiner Sicht in der Gesellschaft falsch l\u00e4uft. \u201e\u00dcberall sonst muss die Welt stillstehen, damit die Gefahren des Corona-Virus so klein wie m\u00f6glich gehalten werden. Der Fu\u00dfball wird mal wieder bevorzugt behandelt und bekommt Sonderrechte.\u201c&nbsp;<\/p>\n\n\n\n<p>Mit dieser Meinung steht er nicht alleine. Eine im Mai durchgef\u00fchrte Umfrage zeigt, dass die Mehrheit der Deutschen zum damaligen Zeitpunkt gegen die Fortsetzung der Bundesliga war. Aus dem \u201eDeutschlandtrend\u201c im ARD-Morgenmagazin ging hervor, dass 56 Prozent den Re-Start kritisch bewerten. Knapp 31 Prozent sprachen sich f\u00fcr die Fortf\u00fchrung aus. Zw\u00f6lf Prozent gaben an, sich nicht f\u00fcr Fu\u00dfball zu interessieren und ein Prozent machte keine Angaben.&nbsp;Aus Prinzip weigern sich viele Fans, die der Szene angeh\u00f6ren, die Geisterspiele zu verfolgen. Leon hingegen bezeichnet sich selbst als nicht \u201estark genug\u201c, um den Fernseher aus zu lassen. Anstatt samstags um 15:30 Uhr im Stadion zu stehen, sitzt Leon um diese Zeit mit seinen Freunden vor einem Bildschirm. Zwar ist er nicht mit derselben Intensit\u00e4t dabei, allerdings bezeichnet er sich am Ende auch nur als einen \u201ekleinen Jungen, der wissen will, wie seine Eintracht spielt.\u201c<\/p>\n\n\n\n<p>.<\/p>\n<\/div>\n\n\n\n<div class=\"wp-container-2 wp-block-column\">\n<p>Robin betrachtet den Fu\u00dfball aus einer anderen Perspektive. Er hat vor kurzem sein Studium beendet und arbeitet im Bereich Merchandising eines etablierten Bundesliga-Vereins. Er sieht die Sache n\u00fcchtern. \u201eMan sagt ja, Fu\u00dfball ist die sch\u00f6nste Nebensache der Welt, aber eben auch nur eine Nebensache.\u201c Sein Job h\u00e4ngt vom mittelfristigen Erfolg des Vereins ab. Um seine Zukunft macht er sich keine Sorgen. Vereine nehmen schlie\u00dflich nicht nur durch die Zuschauer im Stadion Geld ein, sondern vor allem mit TV-\u00dcbertragungsrechten. Einige Vereine wie Schalke 04 gerieten durch die Unterbrechung der Bundesliga zwar in eine finanzielle Schieflage, das traf allerdings nicht auf Robins Arbeitgeber zu. Und ab dem Zeitpunkt, als Geisterspiele ein Thema wurden, war ihm klar, dass der Fu\u00dfball sich erholen wird. \u201eDie DFL hat ein sehr gutes Konzept vorgelegt und gezeigt, wie es m\u00f6glich gemacht werden kann unter gewissen Auflagen diesen Zweig der Wirtschaft wieder anzukurbeln.\u201c Lediglich an der Kommunikation der Funktion\u00e4re hat er etwas auszusetzen. In seinen Augen hat die DFL nicht deutlich genug gemacht, dass Fu\u00dfball nur dann gespielt wird, wenn die Sicherheit aller Beteiligten gew\u00e4hrleistet ist.<br><\/p>\n\n\n\n<p class=\"has-drop-cap\">Die Geisterspiele nimmt Robin gerne in Kauf, weil er denkt, dass die Gesundheit der Leute vorgeht. Er hat auch kein Problem damit, wenn sie vor\u00fcbergehend zur Normalit\u00e4t werden. Zu keinem Zeitpunkt habe es ihm gefehlt, die Spiele im Stadion schauen zu k\u00f6nnen Stattdessen setzt er sich nun gem\u00fctlich mit seinem Mitbewohner vor den Fernseher und fiebert von dort aus mit. Seitdem die Kontaktbeschr\u00e4nkungen gelockert sind, kann man sich unter Einhaltung der Abstandsregeln treffen und in Gruppen schauen. \u201eWenn das Stadion weiterhin zu bleibt, gehen wir wenn m\u00f6glich in eine Kneipe.\u201c<\/p>\n\n\n\n<p>Mittlerweile ist die Saison beendet. Der FC-Bayern bleibt Meister und die Eintracht aus Frankfurt erstklassig. Ob sich an der Sicht der Fans etwas ge\u00e4ndert hat, soll eine Umfrage des \u201eFC PlayFair! beantworten. 60 Prozent von 3500 Befragten attestieren der DFL ein gutes Hygienekonzept. 65 Prozent freuten sich, Fu\u00dfball zumindest wieder im Fernsehen schauen zu k\u00f6nnen. Doch auf die Frage, ob der Fu\u00dfball ohne Fans in den Arenen seine Faszination verliert, antworteten 85 Prozent mit \u201eJa&#8220;. Bis die Bundesliga mit Zuschauern weiter geht, wird es wohl noch einige Monate dauern. Erste Ideen dazu gibt es schon &#8211; Union Berlin will seine Fans bis sp\u00e4testens 24 Stunden vor Anpfiff testen lassen &#8211; wer einen negativen Befund mit seiner Eintrittskarte vorweisen kann, darf ohne Abstand und Maske Fanges\u00e4nge im Stadion an der Alten F\u00f6rsterei anstimmen.<\/p>\n<\/div>\n<\/div>\n","protected":false},"excerpt":{"rendered":"<p>von Hannibal Wissing Bundesliga mit Geisterspielen \u2013 ein Grund zur Freude, oder doch eher Gruselveranstaltung? Wie ein Fan und ein Mitarbeiter eines Bundesligavereins den Re-Start erlebten. Dass man Corona nicht auf die leichte Schulter nehmen sollte, war klar. Dass deswegen der Fu\u00dfball unterbrochen wurde, hat mir erst aufgezeigt, wie ernst die Lage ist.\u201c Leon ist &hellip; <\/p>\n<p class=\"link-more\"><a href=\"https:\/\/juk.hmkw.de\/nudeln-und-klopapier\/stell-dir-vor-es-ist-fussball-und-keiner-geht-hin\/\" class=\"more-link\"><span class=\"screen-reader-text\">\u201eStell dir vor es ist Fu\u00dfball &#8211; und keiner geht hin\u201c<\/span> weiterlesen<\/a><\/p>\n","protected":false},"author":3,"featured_media":296,"parent":0,"menu_order":0,"comment_status":"closed","ping_status":"closed","template":"","meta":[],"acf":[],"yoast_head":"<!-- This site is optimized with the Yoast SEO plugin v20.6 - https:\/\/yoast.com\/wordpress\/plugins\/seo\/ -->\n<title>Stell dir vor es ist Fu\u00dfball - und keiner geht hin - Nudeln &amp; Klopapier<\/title>\n<meta name=\"robots\" content=\"index, follow, max-snippet:-1, max-image-preview:large, max-video-preview:-1\" \/>\n<link rel=\"canonical\" href=\"https:\/\/juk.hmkw.de\/nudeln-und-klopapier\/stell-dir-vor-es-ist-fussball-und-keiner-geht-hin\/\" \/>\n<meta property=\"og:locale\" content=\"de_DE\" \/>\n<meta property=\"og:type\" content=\"article\" \/>\n<meta property=\"og:title\" content=\"Stell dir vor es ist Fu\u00dfball - und keiner geht hin - Nudeln &amp; Klopapier\" \/>\n<meta property=\"og:description\" content=\"von Hannibal Wissing Bundesliga mit Geisterspielen \u2013 ein Grund zur Freude, oder doch eher Gruselveranstaltung? Wie ein Fan und ein Mitarbeiter eines Bundesligavereins den Re-Start erlebten. Dass man Corona nicht auf die leichte Schulter nehmen sollte, war klar. Dass deswegen der Fu\u00dfball unterbrochen wurde, hat mir erst aufgezeigt, wie ernst die Lage ist.\u201c Leon ist &hellip; \u201eStell dir vor es ist Fu\u00dfball &#8211; und keiner geht hin\u201c weiterlesen\" \/>\n<meta property=\"og:url\" content=\"https:\/\/juk.hmkw.de\/nudeln-und-klopapier\/stell-dir-vor-es-ist-fussball-und-keiner-geht-hin\/\" \/>\n<meta property=\"og:site_name\" content=\"Nudeln &amp; Klopapier\" \/>\n<meta property=\"og:image\" content=\"https:\/\/juk.hmkw.de\/nudeln-und-klopapier\/wp-content\/uploads\/sites\/6\/2020\/07\/Wissing_02-scaled-1.jpg\" \/>\n\t<meta property=\"og:image:width\" content=\"2560\" \/>\n\t<meta property=\"og:image:height\" content=\"1695\" \/>\n\t<meta property=\"og:image:type\" content=\"image\/jpeg\" \/>\n<meta name=\"twitter:card\" content=\"summary_large_image\" \/>\n<meta name=\"twitter:label1\" content=\"Gesch\u00e4tzte Lesezeit\" \/>\n\t<meta name=\"twitter:data1\" content=\"4 Minuten\" \/>\n<script type=\"application\/ld+json\" class=\"yoast-schema-graph\">{\"@context\":\"https:\/\/schema.org\",\"@graph\":[{\"@type\":\"WebPage\",\"@id\":\"https:\/\/juk.hmkw.de\/nudeln-und-klopapier\/stell-dir-vor-es-ist-fussball-und-keiner-geht-hin\/\",\"url\":\"https:\/\/juk.hmkw.de\/nudeln-und-klopapier\/stell-dir-vor-es-ist-fussball-und-keiner-geht-hin\/\",\"name\":\"Stell dir vor es ist Fu\u00dfball - und keiner geht hin - Nudeln &amp; Klopapier\",\"isPartOf\":{\"@id\":\"https:\/\/juk.hmkw.de\/nudeln-und-klopapier\/#website\"},\"datePublished\":\"2020-07-13T13:33:15+00:00\",\"dateModified\":\"2020-07-13T13:33:15+00:00\",\"breadcrumb\":{\"@id\":\"https:\/\/juk.hmkw.de\/nudeln-und-klopapier\/stell-dir-vor-es-ist-fussball-und-keiner-geht-hin\/#breadcrumb\"},\"inLanguage\":\"de-DE\",\"potentialAction\":[{\"@type\":\"ReadAction\",\"target\":[\"https:\/\/juk.hmkw.de\/nudeln-und-klopapier\/stell-dir-vor-es-ist-fussball-und-keiner-geht-hin\/\"]}]},{\"@type\":\"BreadcrumbList\",\"@id\":\"https:\/\/juk.hmkw.de\/nudeln-und-klopapier\/stell-dir-vor-es-ist-fussball-und-keiner-geht-hin\/#breadcrumb\",\"itemListElement\":[{\"@type\":\"ListItem\",\"position\":1,\"name\":\"Startseite\",\"item\":\"https:\/\/juk.hmkw.de\/nudeln-und-klopapier\/\"},{\"@type\":\"ListItem\",\"position\":2,\"name\":\"Stell dir vor es ist Fu\u00dfball &#8211; und keiner geht hin\"}]},{\"@type\":\"WebSite\",\"@id\":\"https:\/\/juk.hmkw.de\/nudeln-und-klopapier\/#website\",\"url\":\"https:\/\/juk.hmkw.de\/nudeln-und-klopapier\/\",\"name\":\"Nudeln &amp; Klopapier\",\"description\":\"Alles, was du f\u00fcr dein Zoomester brauchst!\",\"publisher\":{\"@id\":\"https:\/\/juk.hmkw.de\/nudeln-und-klopapier\/#organization\"},\"potentialAction\":[{\"@type\":\"SearchAction\",\"target\":{\"@type\":\"EntryPoint\",\"urlTemplate\":\"https:\/\/juk.hmkw.de\/nudeln-und-klopapier\/?s={search_term_string}\"},\"query-input\":\"required name=search_term_string\"}],\"inLanguage\":\"de-DE\"},{\"@type\":\"Organization\",\"@id\":\"https:\/\/juk.hmkw.de\/nudeln-und-klopapier\/#organization\",\"name\":\"Nudeln &amp; Klopapier\",\"url\":\"https:\/\/juk.hmkw.de\/nudeln-und-klopapier\/\",\"logo\":{\"@type\":\"ImageObject\",\"inLanguage\":\"de-DE\",\"@id\":\"https:\/\/juk.hmkw.de\/nudeln-und-klopapier\/#\/schema\/logo\/image\/\",\"url\":\"https:\/\/juk.hmkw.de\/nudeln-und-klopapier\/wp-content\/uploads\/sites\/6\/2020\/07\/cropped-final_logo_pure@2x-1.png\",\"contentUrl\":\"https:\/\/juk.hmkw.de\/nudeln-und-klopapier\/wp-content\/uploads\/sites\/6\/2020\/07\/cropped-final_logo_pure@2x-1.png\",\"width\":250,\"height\":250,\"caption\":\"Nudeln &amp; Klopapier\"},\"image\":{\"@id\":\"https:\/\/juk.hmkw.de\/nudeln-und-klopapier\/#\/schema\/logo\/image\/\"}}]}<\/script>\n<!-- \/ Yoast SEO plugin. -->","yoast_head_json":{"title":"Stell dir vor es ist Fu\u00dfball - und keiner geht hin - Nudeln &amp; Klopapier","robots":{"index":"index","follow":"follow","max-snippet":"max-snippet:-1","max-image-preview":"max-image-preview:large","max-video-preview":"max-video-preview:-1"},"canonical":"https:\/\/juk.hmkw.de\/nudeln-und-klopapier\/stell-dir-vor-es-ist-fussball-und-keiner-geht-hin\/","og_locale":"de_DE","og_type":"article","og_title":"Stell dir vor es ist Fu\u00dfball - und keiner geht hin - Nudeln &amp; Klopapier","og_description":"von Hannibal Wissing Bundesliga mit Geisterspielen \u2013 ein Grund zur Freude, oder doch eher Gruselveranstaltung? Wie ein Fan und ein Mitarbeiter eines Bundesligavereins den Re-Start erlebten. Dass man Corona nicht auf die leichte Schulter nehmen sollte, war klar. Dass deswegen der Fu\u00dfball unterbrochen wurde, hat mir erst aufgezeigt, wie ernst die Lage ist.\u201c Leon ist &hellip; \u201eStell dir vor es ist Fu\u00dfball &#8211; und keiner geht hin\u201c weiterlesen","og_url":"https:\/\/juk.hmkw.de\/nudeln-und-klopapier\/stell-dir-vor-es-ist-fussball-und-keiner-geht-hin\/","og_site_name":"Nudeln &amp; Klopapier","og_image":[{"width":2560,"height":1695,"url":"https:\/\/juk.hmkw.de\/nudeln-und-klopapier\/wp-content\/uploads\/sites\/6\/2020\/07\/Wissing_02-scaled-1.jpg","type":"image\/jpeg"}],"twitter_card":"summary_large_image","twitter_misc":{"Gesch\u00e4tzte Lesezeit":"4 Minuten"},"schema":{"@context":"https:\/\/schema.org","@graph":[{"@type":"WebPage","@id":"https:\/\/juk.hmkw.de\/nudeln-und-klopapier\/stell-dir-vor-es-ist-fussball-und-keiner-geht-hin\/","url":"https:\/\/juk.hmkw.de\/nudeln-und-klopapier\/stell-dir-vor-es-ist-fussball-und-keiner-geht-hin\/","name":"Stell dir vor es ist Fu\u00dfball - und keiner geht hin - Nudeln &amp; Klopapier","isPartOf":{"@id":"https:\/\/juk.hmkw.de\/nudeln-und-klopapier\/#website"},"datePublished":"2020-07-13T13:33:15+00:00","dateModified":"2020-07-13T13:33:15+00:00","breadcrumb":{"@id":"https:\/\/juk.hmkw.de\/nudeln-und-klopapier\/stell-dir-vor-es-ist-fussball-und-keiner-geht-hin\/#breadcrumb"},"inLanguage":"de-DE","potentialAction":[{"@type":"ReadAction","target":["https:\/\/juk.hmkw.de\/nudeln-und-klopapier\/stell-dir-vor-es-ist-fussball-und-keiner-geht-hin\/"]}]},{"@type":"BreadcrumbList","@id":"https:\/\/juk.hmkw.de\/nudeln-und-klopapier\/stell-dir-vor-es-ist-fussball-und-keiner-geht-hin\/#breadcrumb","itemListElement":[{"@type":"ListItem","position":1,"name":"Startseite","item":"https:\/\/juk.hmkw.de\/nudeln-und-klopapier\/"},{"@type":"ListItem","position":2,"name":"Stell dir vor es ist Fu\u00dfball &#8211; und keiner geht hin"}]},{"@type":"WebSite","@id":"https:\/\/juk.hmkw.de\/nudeln-und-klopapier\/#website","url":"https:\/\/juk.hmkw.de\/nudeln-und-klopapier\/","name":"Nudeln &amp; Klopapier","description":"Alles, was du f\u00fcr dein Zoomester brauchst!","publisher":{"@id":"https:\/\/juk.hmkw.de\/nudeln-und-klopapier\/#organization"},"potentialAction":[{"@type":"SearchAction","target":{"@type":"EntryPoint","urlTemplate":"https:\/\/juk.hmkw.de\/nudeln-und-klopapier\/?s={search_term_string}"},"query-input":"required name=search_term_string"}],"inLanguage":"de-DE"},{"@type":"Organization","@id":"https:\/\/juk.hmkw.de\/nudeln-und-klopapier\/#organization","name":"Nudeln &amp; Klopapier","url":"https:\/\/juk.hmkw.de\/nudeln-und-klopapier\/","logo":{"@type":"ImageObject","inLanguage":"de-DE","@id":"https:\/\/juk.hmkw.de\/nudeln-und-klopapier\/#\/schema\/logo\/image\/","url":"https:\/\/juk.hmkw.de\/nudeln-und-klopapier\/wp-content\/uploads\/sites\/6\/2020\/07\/cropped-final_logo_pure@2x-1.png","contentUrl":"https:\/\/juk.hmkw.de\/nudeln-und-klopapier\/wp-content\/uploads\/sites\/6\/2020\/07\/cropped-final_logo_pure@2x-1.png","width":250,"height":250,"caption":"Nudeln &amp; Klopapier"},"image":{"@id":"https:\/\/juk.hmkw.de\/nudeln-und-klopapier\/#\/schema\/logo\/image\/"}}]}},"_links":{"self":[{"href":"https:\/\/juk.hmkw.de\/nudeln-und-klopapier\/wp-json\/wp\/v2\/pages\/62"}],"collection":[{"href":"https:\/\/juk.hmkw.de\/nudeln-und-klopapier\/wp-json\/wp\/v2\/pages"}],"about":[{"href":"https:\/\/juk.hmkw.de\/nudeln-und-klopapier\/wp-json\/wp\/v2\/types\/page"}],"author":[{"embeddable":true,"href":"https:\/\/juk.hmkw.de\/nudeln-und-klopapier\/wp-json\/wp\/v2\/users\/3"}],"replies":[{"embeddable":true,"href":"https:\/\/juk.hmkw.de\/nudeln-und-klopapier\/wp-json\/wp\/v2\/comments?post=62"}],"version-history":[{"count":0,"href":"https:\/\/juk.hmkw.de\/nudeln-und-klopapier\/wp-json\/wp\/v2\/pages\/62\/revisions"}],"wp:featuredmedia":[{"embeddable":true,"href":"https:\/\/juk.hmkw.de\/nudeln-und-klopapier\/wp-json\/wp\/v2\/media\/296"}],"wp:attachment":[{"href":"https:\/\/juk.hmkw.de\/nudeln-und-klopapier\/wp-json\/wp\/v2\/media?parent=62"}],"curies":[{"name":"wp","href":"https:\/\/api.w.org\/{rel}","templated":true}]}}