{"id":333,"date":"2020-07-13T15:08:30","date_gmt":"2020-07-13T15:08:30","guid":{"rendered":"https:\/\/nudeln-und-klopapier.wortgirls.de\/?page_id=333"},"modified":"2020-07-13T15:08:30","modified_gmt":"2020-07-13T15:08:30","slug":"coronapfunde-muessen-purzeln","status":"publish","type":"page","link":"https:\/\/juk.hmkw.de\/nudeln-und-klopapier\/coronapfunde-muessen-purzeln\/","title":{"rendered":"Coronapfunde m\u00fcssen purzeln"},"content":{"rendered":"\n<h5 class=\"has-vivid-red-color has-text-color\">von Frederic Haupt<\/h5>\n\n\n\n<p>Zwischen Hantelbank und Mundschutz: Lange mussten die Fitnessstudios geschlossen bleiben und so manch einer hat w\u00e4hrend des Lockdowns das ein oder andere Kilo zugenommen. Da trifft es sich gut, dass man jetzt wieder trainieren gehen kann. Doch wie l\u00e4uft\u2019s im Fitnesstudio mit Mundschutz und Abstandsregeln?<\/p>\n\n\n\n<div class=\"wp-container-3 wp-block-columns\">\n<div class=\"wp-container-1 wp-block-column\">\n<p class=\"has-drop-cap\">Schwei\u00df tropft auf den Boden. Im Zimmer h\u00f6rt man eine Mischung aus elektronischer Musik und angestrengtem St\u00f6hnen. Auf dem Fernseher l\u00e4uft ein Homeworkout-Video. Nur noch eine Minute &#8211; nochmal alles geben. Dann ist das Video endlich vorbei und die Trainingseinheit f\u00fcr heute  geschafft.&nbsp;<\/p>\n\n\n\n<p>Wochenlang mussten sich die rund zw\u00f6lf Millionen deutschen Fitnessenthusiasten mit Homeworkouts zufrieden geben. So auch die 21-J\u00e4hrige BWL-Studentin Nathalie, f\u00fcr die der Gang ins Fitnessstudio zum Alltag geh\u00f6rt. \u201eIn der Zeit, in der die Fitnessstudios geschlossen waren, habe ich zu Hause trainiert. Doch das ist einfach nicht das Gleiche wie im Fitnessstudio. Ich bin megafroh, dass ich wieder trainieren gehen kann.\u201c Seit dem achten Juni haben die Fitnessstudios im ganzen Land wieder ge\u00f6ffnet und somit darf wieder \u00fcberall trainiert werden. Doch das hei\u00dft nicht, dass man wieder seiner gewohnten Trainingsroutine nachgehen kann.&nbsp;<\/p>\n\n\n\n<p>F\u00fcr jedes Bundesland gelten unterschiedliche&nbsp; Hygieneverordnungen und die jeweiligen Studios m\u00fcssen ein auf ihre R\u00e4umlichkeiten angepasstes Konzept erarbeiten. Zu den grundlegenden Regeln, wie \u00fcberall zur Zeit, geh\u00f6rt der eineinhalb Meter Sicherheitsabstand. Um ihn jederzeit einzuhalten, werden Ger\u00e4te mit gr\u00f6\u00dferem Abstand aufgestellt oder komplett gesperrt. Au\u00dferdem darf nur eine maximale Anzahl an G\u00e4sten gleichzeitig vor Ort sein. Die variiert je nach Gr\u00f6\u00dfe des Fitnessstudios. Phillip, dualer Student bei Clever Fit, erkl\u00e4rt, die Maximalanzahl l\u00e4ge sogar unter der vorgegeben H\u00f6chstgrenze, um einen besseren Schutz der Kunden zu gew\u00e4hrleisten. Au\u00dferdem muss in den meisten Studios im Eingangsbereich eine Maske getragen werden. Beim Training selbst wird es zwar empfohlen, ist jedoch keine Pflicht. <\/p>\n\n\n\n<p>\u201eIch habe es am Anfang ausprobiert mit Maske zu trainieren. Doch es ist schon unangenehm, da man schwerer atmet und es darunter sehr schnell hei\u00df wird\u201c, sagt Florian, der selbst gerne trainiert und als dualer Student bei Kieser Training in Hanau angestellt ist. Dar\u00fcber hinaus bietet das Studio keine Trainingskurse an, da  <\/p>\n<\/div>\n\n\n\n<div class=\"wp-container-2 wp-block-column\">\n<p>man sich dabei zu nahe kommt.&nbsp;Obwohl wieder trainiert werden darf, stellt sich die Frage, ob die Menschen dieses Angebot \u00fcberhaupt nutzen wollen. Bei der Clever Fit Filiale in Dieburg, nahe Frankfurt, sei die Auslastung im Mai um ca. 60 Prozent weniger als im Mai des Vorjahres. Jedoch steigt die Auslastung in den letzten Wochen an. Au\u00dferdem haben viele \u201eSchl\u00e4fer\u201c ihre bestehenden Vertr\u00e4ge gek\u00fcndigt und neue Vertr\u00e4ge werden so gut wie gar nicht abgeschlossen. <\/p>\n\n\n\n<p>Auch bei der Kieser-Filiale in Hanau sp\u00fcrt man die Auswirkung der Corona-Pandemie. \u201eDie Kunden, die wieder zum Training kommen, haben sich sehr gefreut. Da viele bei uns trainieren, weil sie gesundheitliche Probleme haben, die sich durch die Pause verst\u00e4rkt haben\u201c, erz\u00e4hlt Florian. Um bei Kieser zu trainieren, muss man derzeit&nbsp; vorher einen Termin vereinbaren, der verbindlich ist.&nbsp;Deshalb ist es zu Sto\u00dfzeiten \u00e4hnlich voll wie vor Corona. Auch hier werden kaum neue Vertr\u00e4ge abgeschlossen. Es scheint, als w\u00e4re f\u00fcr einen Teil der Mitglieder der Gang ins Fitnessstudio noch zu risikoreich, wobei diejenigen, die ins Studio kommen, sich sicher f\u00fchlen. \u201eBevor ich das erste Mal wieder trainieren war, habe ich schon eine leichte Unsicherheit gesp\u00fcrt. Die hat sich aber nach dem ersten Training ziemlich schnell gelegt, da die Mitarbeiter bei uns im Studio sehr genau darauf achten, dass alles sauber ist und sich die Mitglieder an die Hygieneregeln halten\u201c, sagt Nathalie.<\/p>\n\n\n\n<p class=\"has-drop-cap\">Die Corona-Pandemie hat auch  Neuer\u00f6ffnung von Studios verz\u00f6gert. Phillip wollte eigentlich mit seinem Vater zusammen am ersten Juni in Gro\u00df-Umstadt ein neues Studio des Franchise-Unternehmens Clever Fit er\u00f6ffnen. Die Pandemie durchkreuzte die Pl\u00e4ne und so schoben Vater und Sohn die Er\u00f6ffnung um zwei Monate auf. Die Anschaffung von Ger\u00e4ten und das Anwerben von Personal musste vorerst abgebrochen werden. Angesichts der schwierigen Lage habe er nat\u00fcrlich Bedenken wegen der Neuer\u00f6ffnung. Dennoch hofft er, dass die Fitnessbranche diese Krise \u00fcberstehen werde: \u201eDas Interesse an Fitness und Kraftsport ist immer noch gro\u00df. Ich denke, dass sich die Lage bald wieder normalisiert.\u201c\u00a0<\/p>\n<\/div>\n<\/div>\n","protected":false},"excerpt":{"rendered":"<p>von Frederic Haupt Zwischen Hantelbank und Mundschutz: Lange mussten die Fitnessstudios geschlossen bleiben und so manch einer hat w\u00e4hrend des Lockdowns das ein oder andere Kilo zugenommen. Da trifft es sich gut, dass man jetzt wieder trainieren gehen kann. Doch wie l\u00e4uft\u2019s im Fitnesstudio mit Mundschutz und Abstandsregeln? Schwei\u00df tropft auf den Boden. Im Zimmer &hellip; <\/p>\n<p class=\"link-more\"><a href=\"https:\/\/juk.hmkw.de\/nudeln-und-klopapier\/coronapfunde-muessen-purzeln\/\" class=\"more-link\"><span class=\"screen-reader-text\">\u201eCoronapfunde m\u00fcssen purzeln\u201c<\/span> weiterlesen<\/a><\/p>\n","protected":false},"author":3,"featured_media":335,"parent":0,"menu_order":0,"comment_status":"closed","ping_status":"closed","template":"","meta":[],"acf":[],"yoast_head":"<!-- This site is optimized with the Yoast SEO plugin v20.6 - https:\/\/yoast.com\/wordpress\/plugins\/seo\/ -->\n<title>Coronapfunde m\u00fcssen purzeln - Nudeln &amp; Klopapier<\/title>\n<meta name=\"robots\" content=\"index, follow, max-snippet:-1, max-image-preview:large, max-video-preview:-1\" \/>\n<link rel=\"canonical\" href=\"https:\/\/juk.hmkw.de\/nudeln-und-klopapier\/coronapfunde-muessen-purzeln\/\" \/>\n<meta property=\"og:locale\" content=\"de_DE\" \/>\n<meta property=\"og:type\" content=\"article\" \/>\n<meta property=\"og:title\" content=\"Coronapfunde m\u00fcssen purzeln - Nudeln &amp; Klopapier\" \/>\n<meta property=\"og:description\" content=\"von Frederic Haupt Zwischen Hantelbank und Mundschutz: Lange mussten die Fitnessstudios geschlossen bleiben und so manch einer hat w\u00e4hrend des Lockdowns das ein oder andere Kilo zugenommen. Da trifft es sich gut, dass man jetzt wieder trainieren gehen kann. Doch wie l\u00e4uft\u2019s im Fitnesstudio mit Mundschutz und Abstandsregeln? Schwei\u00df tropft auf den Boden. Im Zimmer &hellip; \u201eCoronapfunde m\u00fcssen purzeln\u201c weiterlesen\" \/>\n<meta property=\"og:url\" content=\"https:\/\/juk.hmkw.de\/nudeln-und-klopapier\/coronapfunde-muessen-purzeln\/\" \/>\n<meta property=\"og:site_name\" content=\"Nudeln &amp; Klopapier\" \/>\n<meta property=\"og:image\" content=\"https:\/\/juk.hmkw.de\/nudeln-und-klopapier\/wp-content\/uploads\/sites\/6\/2020\/07\/A4FC9842-AC93-498B-8129-439A987F501E.jpeg\" \/>\n\t<meta property=\"og:image:width\" content=\"1280\" \/>\n\t<meta property=\"og:image:height\" content=\"853\" \/>\n\t<meta property=\"og:image:type\" content=\"image\/jpeg\" \/>\n<meta name=\"twitter:card\" content=\"summary_large_image\" \/>\n<meta name=\"twitter:label1\" content=\"Gesch\u00e4tzte Lesezeit\" \/>\n\t<meta name=\"twitter:data1\" content=\"4 Minuten\" \/>\n<script type=\"application\/ld+json\" class=\"yoast-schema-graph\">{\"@context\":\"https:\/\/schema.org\",\"@graph\":[{\"@type\":\"WebPage\",\"@id\":\"https:\/\/juk.hmkw.de\/nudeln-und-klopapier\/coronapfunde-muessen-purzeln\/\",\"url\":\"https:\/\/juk.hmkw.de\/nudeln-und-klopapier\/coronapfunde-muessen-purzeln\/\",\"name\":\"Coronapfunde m\u00fcssen purzeln - Nudeln &amp; Klopapier\",\"isPartOf\":{\"@id\":\"https:\/\/juk.hmkw.de\/nudeln-und-klopapier\/#website\"},\"datePublished\":\"2020-07-13T15:08:30+00:00\",\"dateModified\":\"2020-07-13T15:08:30+00:00\",\"breadcrumb\":{\"@id\":\"https:\/\/juk.hmkw.de\/nudeln-und-klopapier\/coronapfunde-muessen-purzeln\/#breadcrumb\"},\"inLanguage\":\"de-DE\",\"potentialAction\":[{\"@type\":\"ReadAction\",\"target\":[\"https:\/\/juk.hmkw.de\/nudeln-und-klopapier\/coronapfunde-muessen-purzeln\/\"]}]},{\"@type\":\"BreadcrumbList\",\"@id\":\"https:\/\/juk.hmkw.de\/nudeln-und-klopapier\/coronapfunde-muessen-purzeln\/#breadcrumb\",\"itemListElement\":[{\"@type\":\"ListItem\",\"position\":1,\"name\":\"Startseite\",\"item\":\"https:\/\/juk.hmkw.de\/nudeln-und-klopapier\/\"},{\"@type\":\"ListItem\",\"position\":2,\"name\":\"Coronapfunde m\u00fcssen purzeln\"}]},{\"@type\":\"WebSite\",\"@id\":\"https:\/\/juk.hmkw.de\/nudeln-und-klopapier\/#website\",\"url\":\"https:\/\/juk.hmkw.de\/nudeln-und-klopapier\/\",\"name\":\"Nudeln &amp; Klopapier\",\"description\":\"Alles, was du f\u00fcr dein Zoomester brauchst!\",\"publisher\":{\"@id\":\"https:\/\/juk.hmkw.de\/nudeln-und-klopapier\/#organization\"},\"potentialAction\":[{\"@type\":\"SearchAction\",\"target\":{\"@type\":\"EntryPoint\",\"urlTemplate\":\"https:\/\/juk.hmkw.de\/nudeln-und-klopapier\/?s={search_term_string}\"},\"query-input\":\"required name=search_term_string\"}],\"inLanguage\":\"de-DE\"},{\"@type\":\"Organization\",\"@id\":\"https:\/\/juk.hmkw.de\/nudeln-und-klopapier\/#organization\",\"name\":\"Nudeln &amp; Klopapier\",\"url\":\"https:\/\/juk.hmkw.de\/nudeln-und-klopapier\/\",\"logo\":{\"@type\":\"ImageObject\",\"inLanguage\":\"de-DE\",\"@id\":\"https:\/\/juk.hmkw.de\/nudeln-und-klopapier\/#\/schema\/logo\/image\/\",\"url\":\"https:\/\/juk.hmkw.de\/nudeln-und-klopapier\/wp-content\/uploads\/sites\/6\/2020\/07\/cropped-final_logo_pure@2x-1.png\",\"contentUrl\":\"https:\/\/juk.hmkw.de\/nudeln-und-klopapier\/wp-content\/uploads\/sites\/6\/2020\/07\/cropped-final_logo_pure@2x-1.png\",\"width\":250,\"height\":250,\"caption\":\"Nudeln &amp; Klopapier\"},\"image\":{\"@id\":\"https:\/\/juk.hmkw.de\/nudeln-und-klopapier\/#\/schema\/logo\/image\/\"}}]}<\/script>\n<!-- \/ Yoast SEO plugin. -->","yoast_head_json":{"title":"Coronapfunde m\u00fcssen purzeln - Nudeln &amp; Klopapier","robots":{"index":"index","follow":"follow","max-snippet":"max-snippet:-1","max-image-preview":"max-image-preview:large","max-video-preview":"max-video-preview:-1"},"canonical":"https:\/\/juk.hmkw.de\/nudeln-und-klopapier\/coronapfunde-muessen-purzeln\/","og_locale":"de_DE","og_type":"article","og_title":"Coronapfunde m\u00fcssen purzeln - Nudeln &amp; Klopapier","og_description":"von Frederic Haupt Zwischen Hantelbank und Mundschutz: Lange mussten die Fitnessstudios geschlossen bleiben und so manch einer hat w\u00e4hrend des Lockdowns das ein oder andere Kilo zugenommen. Da trifft es sich gut, dass man jetzt wieder trainieren gehen kann. Doch wie l\u00e4uft\u2019s im Fitnesstudio mit Mundschutz und Abstandsregeln? Schwei\u00df tropft auf den Boden. Im Zimmer &hellip; \u201eCoronapfunde m\u00fcssen purzeln\u201c weiterlesen","og_url":"https:\/\/juk.hmkw.de\/nudeln-und-klopapier\/coronapfunde-muessen-purzeln\/","og_site_name":"Nudeln &amp; Klopapier","og_image":[{"width":1280,"height":853,"url":"https:\/\/juk.hmkw.de\/nudeln-und-klopapier\/wp-content\/uploads\/sites\/6\/2020\/07\/A4FC9842-AC93-498B-8129-439A987F501E.jpeg","type":"image\/jpeg"}],"twitter_card":"summary_large_image","twitter_misc":{"Gesch\u00e4tzte Lesezeit":"4 Minuten"},"schema":{"@context":"https:\/\/schema.org","@graph":[{"@type":"WebPage","@id":"https:\/\/juk.hmkw.de\/nudeln-und-klopapier\/coronapfunde-muessen-purzeln\/","url":"https:\/\/juk.hmkw.de\/nudeln-und-klopapier\/coronapfunde-muessen-purzeln\/","name":"Coronapfunde m\u00fcssen purzeln - Nudeln &amp; Klopapier","isPartOf":{"@id":"https:\/\/juk.hmkw.de\/nudeln-und-klopapier\/#website"},"datePublished":"2020-07-13T15:08:30+00:00","dateModified":"2020-07-13T15:08:30+00:00","breadcrumb":{"@id":"https:\/\/juk.hmkw.de\/nudeln-und-klopapier\/coronapfunde-muessen-purzeln\/#breadcrumb"},"inLanguage":"de-DE","potentialAction":[{"@type":"ReadAction","target":["https:\/\/juk.hmkw.de\/nudeln-und-klopapier\/coronapfunde-muessen-purzeln\/"]}]},{"@type":"BreadcrumbList","@id":"https:\/\/juk.hmkw.de\/nudeln-und-klopapier\/coronapfunde-muessen-purzeln\/#breadcrumb","itemListElement":[{"@type":"ListItem","position":1,"name":"Startseite","item":"https:\/\/juk.hmkw.de\/nudeln-und-klopapier\/"},{"@type":"ListItem","position":2,"name":"Coronapfunde m\u00fcssen purzeln"}]},{"@type":"WebSite","@id":"https:\/\/juk.hmkw.de\/nudeln-und-klopapier\/#website","url":"https:\/\/juk.hmkw.de\/nudeln-und-klopapier\/","name":"Nudeln &amp; Klopapier","description":"Alles, was du f\u00fcr dein Zoomester brauchst!","publisher":{"@id":"https:\/\/juk.hmkw.de\/nudeln-und-klopapier\/#organization"},"potentialAction":[{"@type":"SearchAction","target":{"@type":"EntryPoint","urlTemplate":"https:\/\/juk.hmkw.de\/nudeln-und-klopapier\/?s={search_term_string}"},"query-input":"required name=search_term_string"}],"inLanguage":"de-DE"},{"@type":"Organization","@id":"https:\/\/juk.hmkw.de\/nudeln-und-klopapier\/#organization","name":"Nudeln &amp; Klopapier","url":"https:\/\/juk.hmkw.de\/nudeln-und-klopapier\/","logo":{"@type":"ImageObject","inLanguage":"de-DE","@id":"https:\/\/juk.hmkw.de\/nudeln-und-klopapier\/#\/schema\/logo\/image\/","url":"https:\/\/juk.hmkw.de\/nudeln-und-klopapier\/wp-content\/uploads\/sites\/6\/2020\/07\/cropped-final_logo_pure@2x-1.png","contentUrl":"https:\/\/juk.hmkw.de\/nudeln-und-klopapier\/wp-content\/uploads\/sites\/6\/2020\/07\/cropped-final_logo_pure@2x-1.png","width":250,"height":250,"caption":"Nudeln &amp; Klopapier"},"image":{"@id":"https:\/\/juk.hmkw.de\/nudeln-und-klopapier\/#\/schema\/logo\/image\/"}}]}},"_links":{"self":[{"href":"https:\/\/juk.hmkw.de\/nudeln-und-klopapier\/wp-json\/wp\/v2\/pages\/333"}],"collection":[{"href":"https:\/\/juk.hmkw.de\/nudeln-und-klopapier\/wp-json\/wp\/v2\/pages"}],"about":[{"href":"https:\/\/juk.hmkw.de\/nudeln-und-klopapier\/wp-json\/wp\/v2\/types\/page"}],"author":[{"embeddable":true,"href":"https:\/\/juk.hmkw.de\/nudeln-und-klopapier\/wp-json\/wp\/v2\/users\/3"}],"replies":[{"embeddable":true,"href":"https:\/\/juk.hmkw.de\/nudeln-und-klopapier\/wp-json\/wp\/v2\/comments?post=333"}],"version-history":[{"count":0,"href":"https:\/\/juk.hmkw.de\/nudeln-und-klopapier\/wp-json\/wp\/v2\/pages\/333\/revisions"}],"wp:featuredmedia":[{"embeddable":true,"href":"https:\/\/juk.hmkw.de\/nudeln-und-klopapier\/wp-json\/wp\/v2\/media\/335"}],"wp:attachment":[{"href":"https:\/\/juk.hmkw.de\/nudeln-und-klopapier\/wp-json\/wp\/v2\/media?parent=333"}],"curies":[{"name":"wp","href":"https:\/\/api.w.org\/{rel}","templated":true}]}}