{"id":167,"date":"2020-07-13T10:27:14","date_gmt":"2020-07-13T10:27:14","guid":{"rendered":"https:\/\/nudeln-und-klopapier.wortgirls.de\/?page_id=167"},"modified":"2020-07-13T10:27:14","modified_gmt":"2020-07-13T10:27:14","slug":"sstress-test-fuer-die-zeil","status":"publish","type":"page","link":"https:\/\/juk.hmkw.de\/nudeln-und-klopapier\/sstress-test-fuer-die-zeil\/","title":{"rendered":"Stresstest f\u00fcr die Nerven"},"content":{"rendered":"\n<h5 class=\"has-vivid-red-color has-text-color\">von Frauke Ruthemann<\/h5>\n\n\n\n<p>Der Lockdown schloss die T\u00fcren fast aller Gesch\u00e4fte &#8211; jetzt \u00f6ffnen sie wieder. Langsam entspannt sich die Lage. Doch die Shopping-Freude ist getr\u00fcbt.&nbsp;<\/p>\n\n\n\n<div class=\"wp-container-3 wp-block-columns\">\n<div class=\"wp-container-1 wp-block-column\">\n<p class=\"has-drop-cap\">Eine hochschwangere Frau steht in der langen Warteschlange vor einem Modegesch\u00e4ft. Unter dem gebl\u00fcmten Sommerkleid zeichnen sich die Umrisse ihres gro\u00dfen, runden Babybauchs ab. Erfolglos versucht sie, sich frische Luft mit den H\u00e4nden zuzuf\u00e4cheln. Die Mittagssonne strahlt erbarmungslos auf die K\u00f6pfe der wartenden Menschen in der Frankfurter Innenstadt. Schwei\u00dfperlen bilden sich unter der Maske. Es ist Corona-Sommer.\u00a0<\/p>\n\n\n\n<p>Vor drei Monaten hat die Pandemie die Wirtschaft in allen L\u00e4ndern auf den Kopf gestellt. Die Kauflust der deutschen Haushalte war im Mai so niedrig wie noch nie, laut Marktforschungsinstitut GFK. Viele Ladenbesitzer und Verk\u00e4ufer wussten lange nicht, wie die n\u00e4chsten Wochen ablaufen werden. Jetzt atmet Deutschland auf &#8211; auch wenn das unter der Maske schwer f\u00e4llt. Die Gesch\u00e4fte haben wieder l\u00e4nger ge\u00f6ffnet. Immer mehr Kunden d\u00fcrfen sich gleichzeitig in einem Geb\u00e4ude aufhalten. Nur die Maskenpflicht und die Abstandsregelungen bleiben zun\u00e4chst bestehen. Die angehende Studentin Dorothea G\u00e4sner st\u00f6rt das nicht. \u201eIch kann die Regeln verstehen. Die Gesundheit geht zurzeit vor\u201c, sagt sie. Dennoch schrecken sie die teils meterlangen Menschenschlangen vor den Gesch\u00e4ften ab: \u201eAuf neue Kleidung m\u00f6chte ich aber nicht verzichten. Deshalb kaufe ich viel online.\u201c\u00a0<\/p>\n\n\n\n<p>Dass die Menschen vermehrt im Internet shoppen, macht sich auch bei den Ums\u00e4tzen der Model\u00e4den bemerkbar. Im April haben sie im Vergleich zum Vorjahreszeitraum bis zu 70 Prozent weniger Umsatz gemacht. Das zeigt eine Statistik des Statistischen Bundesamts. Die Filialleiterin von Zara Frankfurt, Zeliha Nasser, sieht der Zukunft dennoch gelassen entgegen. \u201eWir haben starke Verluste gemacht. Aber unsere neue Kollektion ist der Wahnsinn. Ich denke, dass wir wieder alles aufholen k\u00f6nnen\u201c, sagt sie optimistisch. 82 Kunden d\u00fcrfen im Laden sein. Gez\u00e4hlt wird am Eingang mit einem IPod und einer zuverl\u00e4ssigen Z\u00e4hl-App. Eine Maske muss jeder tragen. Das wird auch kontrolliert. Wer sich nicht an die Regeln h\u00e4lt, fliegt raus. Laut Nasser passiert das vor allem an den Haupteinkaufstagen Freitag und Samstag. Die junge Filialleiterin ist froh dar\u00fcber, dass <\/p>\n<\/div>\n\n\n\n<div class=\"wp-container-2 wp-block-column\">\n<p>die meisten Kunden die Vorschriften einhalten.\u00a0Um den Mund-Nasen-Schutz kommen auch die Mitarbeiter in den Gesch\u00e4ften nicht herum. W\u00e4hrend manche Menschen mit B\u00fcrojob im Home Office sind, m\u00fcssen sich die Verk\u00e4ufer durch einen anstrengenden Berufsalltag qu\u00e4len. Genervte Kunden, die sich nicht an die Vorschriften halten, sind da keine Hilfe. Niklas ist Angestellter bei dem Modeladen Hollister. Der 25-J\u00e4hrige steht am Eingang und winkt die Kunden herein. Dabei hat er immer einen Blick auf den Z\u00e4hler. Denn nur 23 Menschen sind im Laden erlaubt. Die Zahl wird durch die Gr\u00f6\u00dfe der Gesch\u00e4ftsfl\u00e4che festgelegt. So steht er also tagt\u00e4glich an der T\u00fcr und bietet den Menschen Desinfektionsmittel f\u00fcr die H\u00e4nde an. Gleichzeitig tippt er auf einem Ger\u00e4t ein, wenn jemand den Laden verl\u00e4sst oder betritt.\u00a0<\/p>\n\n\n\n<p>Manch einer ist froh, wenn er die Maske nach einem 20-Minuten-Einkauf wieder absetzen kann. Niklas jedoch tr\u00e4gt sie jeden Tag stundenlang. \u201eDie eigentlich leichte Arbeit f\u00e4llt mir so viel schwerer. Schon nach kurzer Zeit bekomme ich Schmerzen hinter den Ohren von den Gummib\u00e4ndern der Maske. Meine weiblichen Kollegen haben oft Kopfschmerzen. Daran gew\u00f6hnen tut man sich nie\u201c, klagt der junge Mann. Eine gute Sache hat das Ganze jedoch f\u00fcr Niklas: Wenige Kunden bedeuten ein bisschen Entspannung.&nbsp;<\/p>\n\n\n\n<p class=\"has-drop-cap\">Entspannung tritt auch bei der Zahl der Infizierten ein. Deshalb passen die Bundesl\u00e4nder die Vorschriften fortw\u00e4hrend der aktuellen Situation an. Teilweise wurden schon viele Regeln aufgehoben, sodass die B\u00fcrger einem normalen Leben immer n\u00e4her kommen. In Hessen ist es derzeit, Stand Ende Juni, nur erlaubt, sich in einer Gruppe bestehend aus zehn Personen zu treffen. W\u00e4hrend Wissenschaftler nach einem Impfstoff suchen und Politiker beraten, beginnt die Wirtschaft sich langsam von dem starken Einbruch zu erholen. Falls eine zweite Welle der Krankheit Deutschland treffen sollte, sind die Menschen besser vorbereitet. Allerdings wird ein Impfstoff fr\u00fchestens Anfang n\u00e4chsten Jahres erwartet. Bis dahin ist Geduld angesagt. Das Tragen des Mund-Nasen-Schutzes und das Einhalten der Abstandsregeln werden uns wohl noch eine ganze Weile begleiten.\u00a0<\/p>\n<\/div>\n<\/div>\n\n\n\n<div class=\"wp-container-6 wp-block-columns\">\n<div class=\"wp-container-4 wp-block-column\"><\/div>\n\n\n\n<div class=\"wp-container-5 wp-block-column\"><\/div>\n<\/div>\n\n\n\n<p><\/p>\n","protected":false},"excerpt":{"rendered":"<p>von Frauke Ruthemann Der Lockdown schloss die T\u00fcren fast aller Gesch\u00e4fte &#8211; jetzt \u00f6ffnen sie wieder. Langsam entspannt sich die Lage. Doch die Shopping-Freude ist getr\u00fcbt.&nbsp; Eine hochschwangere Frau steht in der langen Warteschlange vor einem Modegesch\u00e4ft. Unter dem gebl\u00fcmten Sommerkleid zeichnen sich die Umrisse ihres gro\u00dfen, runden Babybauchs ab. Erfolglos versucht sie, sich frische &hellip; <\/p>\n<p class=\"link-more\"><a href=\"https:\/\/juk.hmkw.de\/nudeln-und-klopapier\/sstress-test-fuer-die-zeil\/\" class=\"more-link\"><span class=\"screen-reader-text\">\u201eStresstest f\u00fcr die Nerven\u201c<\/span> weiterlesen<\/a><\/p>\n","protected":false},"author":3,"featured_media":290,"parent":0,"menu_order":0,"comment_status":"closed","ping_status":"closed","template":"","meta":[],"acf":[],"yoast_head":"<!-- This site is optimized with the Yoast SEO plugin v20.6 - https:\/\/yoast.com\/wordpress\/plugins\/seo\/ -->\n<title>Stresstest f\u00fcr die Nerven - Nudeln &amp; Klopapier<\/title>\n<meta name=\"robots\" content=\"index, follow, max-snippet:-1, max-image-preview:large, max-video-preview:-1\" \/>\n<link rel=\"canonical\" href=\"https:\/\/juk.hmkw.de\/nudeln-und-klopapier\/sstress-test-fuer-die-zeil\/\" \/>\n<meta property=\"og:locale\" content=\"de_DE\" \/>\n<meta property=\"og:type\" content=\"article\" \/>\n<meta property=\"og:title\" content=\"Stresstest f\u00fcr die Nerven - Nudeln &amp; Klopapier\" \/>\n<meta property=\"og:description\" content=\"von Frauke Ruthemann Der Lockdown schloss die T\u00fcren fast aller Gesch\u00e4fte &#8211; jetzt \u00f6ffnen sie wieder. Langsam entspannt sich die Lage. Doch die Shopping-Freude ist getr\u00fcbt.&nbsp; Eine hochschwangere Frau steht in der langen Warteschlange vor einem Modegesch\u00e4ft. Unter dem gebl\u00fcmten Sommerkleid zeichnen sich die Umrisse ihres gro\u00dfen, runden Babybauchs ab. Erfolglos versucht sie, sich frische &hellip; \u201eStresstest f\u00fcr die Nerven\u201c weiterlesen\" \/>\n<meta property=\"og:url\" content=\"https:\/\/juk.hmkw.de\/nudeln-und-klopapier\/sstress-test-fuer-die-zeil\/\" \/>\n<meta property=\"og:site_name\" content=\"Nudeln &amp; Klopapier\" \/>\n<meta property=\"og:image\" content=\"https:\/\/juk.hmkw.de\/nudeln-und-klopapier\/wp-content\/uploads\/sites\/6\/2020\/07\/pexels-photo-4226269.jpeg\" \/>\n\t<meta property=\"og:image:width\" content=\"1880\" \/>\n\t<meta property=\"og:image:height\" content=\"1253\" \/>\n\t<meta property=\"og:image:type\" content=\"image\/jpeg\" \/>\n<meta name=\"twitter:card\" content=\"summary_large_image\" \/>\n<meta name=\"twitter:label1\" content=\"Gesch\u00e4tzte Lesezeit\" \/>\n\t<meta name=\"twitter:data1\" content=\"4 Minuten\" \/>\n<script type=\"application\/ld+json\" class=\"yoast-schema-graph\">{\"@context\":\"https:\/\/schema.org\",\"@graph\":[{\"@type\":\"WebPage\",\"@id\":\"https:\/\/juk.hmkw.de\/nudeln-und-klopapier\/sstress-test-fuer-die-zeil\/\",\"url\":\"https:\/\/juk.hmkw.de\/nudeln-und-klopapier\/sstress-test-fuer-die-zeil\/\",\"name\":\"Stresstest f\u00fcr die Nerven - Nudeln &amp; Klopapier\",\"isPartOf\":{\"@id\":\"https:\/\/juk.hmkw.de\/nudeln-und-klopapier\/#website\"},\"datePublished\":\"2020-07-13T10:27:14+00:00\",\"dateModified\":\"2020-07-13T10:27:14+00:00\",\"breadcrumb\":{\"@id\":\"https:\/\/juk.hmkw.de\/nudeln-und-klopapier\/sstress-test-fuer-die-zeil\/#breadcrumb\"},\"inLanguage\":\"de-DE\",\"potentialAction\":[{\"@type\":\"ReadAction\",\"target\":[\"https:\/\/juk.hmkw.de\/nudeln-und-klopapier\/sstress-test-fuer-die-zeil\/\"]}]},{\"@type\":\"BreadcrumbList\",\"@id\":\"https:\/\/juk.hmkw.de\/nudeln-und-klopapier\/sstress-test-fuer-die-zeil\/#breadcrumb\",\"itemListElement\":[{\"@type\":\"ListItem\",\"position\":1,\"name\":\"Startseite\",\"item\":\"https:\/\/juk.hmkw.de\/nudeln-und-klopapier\/\"},{\"@type\":\"ListItem\",\"position\":2,\"name\":\"Stresstest f\u00fcr die Nerven\"}]},{\"@type\":\"WebSite\",\"@id\":\"https:\/\/juk.hmkw.de\/nudeln-und-klopapier\/#website\",\"url\":\"https:\/\/juk.hmkw.de\/nudeln-und-klopapier\/\",\"name\":\"Nudeln &amp; Klopapier\",\"description\":\"Alles, was du f\u00fcr dein Zoomester brauchst!\",\"publisher\":{\"@id\":\"https:\/\/juk.hmkw.de\/nudeln-und-klopapier\/#organization\"},\"potentialAction\":[{\"@type\":\"SearchAction\",\"target\":{\"@type\":\"EntryPoint\",\"urlTemplate\":\"https:\/\/juk.hmkw.de\/nudeln-und-klopapier\/?s={search_term_string}\"},\"query-input\":\"required name=search_term_string\"}],\"inLanguage\":\"de-DE\"},{\"@type\":\"Organization\",\"@id\":\"https:\/\/juk.hmkw.de\/nudeln-und-klopapier\/#organization\",\"name\":\"Nudeln &amp; Klopapier\",\"url\":\"https:\/\/juk.hmkw.de\/nudeln-und-klopapier\/\",\"logo\":{\"@type\":\"ImageObject\",\"inLanguage\":\"de-DE\",\"@id\":\"https:\/\/juk.hmkw.de\/nudeln-und-klopapier\/#\/schema\/logo\/image\/\",\"url\":\"https:\/\/juk.hmkw.de\/nudeln-und-klopapier\/wp-content\/uploads\/sites\/6\/2020\/07\/cropped-final_logo_pure@2x-1.png\",\"contentUrl\":\"https:\/\/juk.hmkw.de\/nudeln-und-klopapier\/wp-content\/uploads\/sites\/6\/2020\/07\/cropped-final_logo_pure@2x-1.png\",\"width\":250,\"height\":250,\"caption\":\"Nudeln &amp; Klopapier\"},\"image\":{\"@id\":\"https:\/\/juk.hmkw.de\/nudeln-und-klopapier\/#\/schema\/logo\/image\/\"}}]}<\/script>\n<!-- \/ Yoast SEO plugin. -->","yoast_head_json":{"title":"Stresstest f\u00fcr die Nerven - Nudeln &amp; Klopapier","robots":{"index":"index","follow":"follow","max-snippet":"max-snippet:-1","max-image-preview":"max-image-preview:large","max-video-preview":"max-video-preview:-1"},"canonical":"https:\/\/juk.hmkw.de\/nudeln-und-klopapier\/sstress-test-fuer-die-zeil\/","og_locale":"de_DE","og_type":"article","og_title":"Stresstest f\u00fcr die Nerven - Nudeln &amp; Klopapier","og_description":"von Frauke Ruthemann Der Lockdown schloss die T\u00fcren fast aller Gesch\u00e4fte &#8211; jetzt \u00f6ffnen sie wieder. Langsam entspannt sich die Lage. Doch die Shopping-Freude ist getr\u00fcbt.&nbsp; Eine hochschwangere Frau steht in der langen Warteschlange vor einem Modegesch\u00e4ft. Unter dem gebl\u00fcmten Sommerkleid zeichnen sich die Umrisse ihres gro\u00dfen, runden Babybauchs ab. Erfolglos versucht sie, sich frische &hellip; \u201eStresstest f\u00fcr die Nerven\u201c weiterlesen","og_url":"https:\/\/juk.hmkw.de\/nudeln-und-klopapier\/sstress-test-fuer-die-zeil\/","og_site_name":"Nudeln &amp; Klopapier","og_image":[{"width":1880,"height":1253,"url":"https:\/\/juk.hmkw.de\/nudeln-und-klopapier\/wp-content\/uploads\/sites\/6\/2020\/07\/pexels-photo-4226269.jpeg","type":"image\/jpeg"}],"twitter_card":"summary_large_image","twitter_misc":{"Gesch\u00e4tzte Lesezeit":"4 Minuten"},"schema":{"@context":"https:\/\/schema.org","@graph":[{"@type":"WebPage","@id":"https:\/\/juk.hmkw.de\/nudeln-und-klopapier\/sstress-test-fuer-die-zeil\/","url":"https:\/\/juk.hmkw.de\/nudeln-und-klopapier\/sstress-test-fuer-die-zeil\/","name":"Stresstest f\u00fcr die Nerven - Nudeln &amp; Klopapier","isPartOf":{"@id":"https:\/\/juk.hmkw.de\/nudeln-und-klopapier\/#website"},"datePublished":"2020-07-13T10:27:14+00:00","dateModified":"2020-07-13T10:27:14+00:00","breadcrumb":{"@id":"https:\/\/juk.hmkw.de\/nudeln-und-klopapier\/sstress-test-fuer-die-zeil\/#breadcrumb"},"inLanguage":"de-DE","potentialAction":[{"@type":"ReadAction","target":["https:\/\/juk.hmkw.de\/nudeln-und-klopapier\/sstress-test-fuer-die-zeil\/"]}]},{"@type":"BreadcrumbList","@id":"https:\/\/juk.hmkw.de\/nudeln-und-klopapier\/sstress-test-fuer-die-zeil\/#breadcrumb","itemListElement":[{"@type":"ListItem","position":1,"name":"Startseite","item":"https:\/\/juk.hmkw.de\/nudeln-und-klopapier\/"},{"@type":"ListItem","position":2,"name":"Stresstest f\u00fcr die Nerven"}]},{"@type":"WebSite","@id":"https:\/\/juk.hmkw.de\/nudeln-und-klopapier\/#website","url":"https:\/\/juk.hmkw.de\/nudeln-und-klopapier\/","name":"Nudeln &amp; Klopapier","description":"Alles, was du f\u00fcr dein Zoomester brauchst!","publisher":{"@id":"https:\/\/juk.hmkw.de\/nudeln-und-klopapier\/#organization"},"potentialAction":[{"@type":"SearchAction","target":{"@type":"EntryPoint","urlTemplate":"https:\/\/juk.hmkw.de\/nudeln-und-klopapier\/?s={search_term_string}"},"query-input":"required name=search_term_string"}],"inLanguage":"de-DE"},{"@type":"Organization","@id":"https:\/\/juk.hmkw.de\/nudeln-und-klopapier\/#organization","name":"Nudeln &amp; Klopapier","url":"https:\/\/juk.hmkw.de\/nudeln-und-klopapier\/","logo":{"@type":"ImageObject","inLanguage":"de-DE","@id":"https:\/\/juk.hmkw.de\/nudeln-und-klopapier\/#\/schema\/logo\/image\/","url":"https:\/\/juk.hmkw.de\/nudeln-und-klopapier\/wp-content\/uploads\/sites\/6\/2020\/07\/cropped-final_logo_pure@2x-1.png","contentUrl":"https:\/\/juk.hmkw.de\/nudeln-und-klopapier\/wp-content\/uploads\/sites\/6\/2020\/07\/cropped-final_logo_pure@2x-1.png","width":250,"height":250,"caption":"Nudeln &amp; Klopapier"},"image":{"@id":"https:\/\/juk.hmkw.de\/nudeln-und-klopapier\/#\/schema\/logo\/image\/"}}]}},"_links":{"self":[{"href":"https:\/\/juk.hmkw.de\/nudeln-und-klopapier\/wp-json\/wp\/v2\/pages\/167"}],"collection":[{"href":"https:\/\/juk.hmkw.de\/nudeln-und-klopapier\/wp-json\/wp\/v2\/pages"}],"about":[{"href":"https:\/\/juk.hmkw.de\/nudeln-und-klopapier\/wp-json\/wp\/v2\/types\/page"}],"author":[{"embeddable":true,"href":"https:\/\/juk.hmkw.de\/nudeln-und-klopapier\/wp-json\/wp\/v2\/users\/3"}],"replies":[{"embeddable":true,"href":"https:\/\/juk.hmkw.de\/nudeln-und-klopapier\/wp-json\/wp\/v2\/comments?post=167"}],"version-history":[{"count":0,"href":"https:\/\/juk.hmkw.de\/nudeln-und-klopapier\/wp-json\/wp\/v2\/pages\/167\/revisions"}],"wp:featuredmedia":[{"embeddable":true,"href":"https:\/\/juk.hmkw.de\/nudeln-und-klopapier\/wp-json\/wp\/v2\/media\/290"}],"wp:attachment":[{"href":"https:\/\/juk.hmkw.de\/nudeln-und-klopapier\/wp-json\/wp\/v2\/media?parent=167"}],"curies":[{"name":"wp","href":"https:\/\/api.w.org\/{rel}","templated":true}]}}