{"id":549,"date":"2022-07-06T16:42:12","date_gmt":"2022-07-06T14:42:12","guid":{"rendered":"https:\/\/genzhmkw.wordpress.com\/?page_id=549"},"modified":"2022-08-09T19:39:54","modified_gmt":"2022-08-09T17:39:54","slug":"jan","status":"publish","type":"page","link":"https:\/\/juk.hmkw.de\/ma-genz-in\/jan\/","title":{"rendered":"Jan"},"content":{"rendered":"\n<div class=\"wp-block-media-text alignwide is-stacked-on-mobile has-white-color has-black-background-color has-text-color has-background\" style=\"grid-template-columns:47% auto\"><figure class=\"wp-block-media-text__media\"><img data-attachment-id=\"552\" data-permalink=\"https:\/\/juk.hmkw.de\/ma-genz-in\/jan\/dsc_0118-1\/\" data-orig-file=\"https:\/\/i0.wp.com\/juk.hmkw.de\/ma-genz-in\/wp-content\/uploads\/sites\/14\/2022\/07\/dsc_0118-1-e1657155537900-scaled.jpg?fit=1917%2C2560&amp;ssl=1\" data-orig-size=\"1917,2560\" data-comments-opened=\"1\" data-image-meta=\"{&quot;aperture&quot;:&quot;0&quot;,&quot;credit&quot;:&quot;&quot;,&quot;camera&quot;:&quot;&quot;,&quot;caption&quot;:&quot;&quot;,&quot;created_timestamp&quot;:&quot;0&quot;,&quot;copyright&quot;:&quot;&quot;,&quot;focal_length&quot;:&quot;0&quot;,&quot;iso&quot;:&quot;0&quot;,&quot;shutter_speed&quot;:&quot;0&quot;,&quot;title&quot;:&quot;&quot;,&quot;orientation&quot;:&quot;0&quot;}\" data-image-title=\"dsc_0118-1\" data-image-description=\"\" data-image-caption=\"\" data-medium-file=\"https:\/\/i0.wp.com\/juk.hmkw.de\/ma-genz-in\/wp-content\/uploads\/sites\/14\/2022\/07\/dsc_0118-1-e1657155537900-scaled.jpg?fit=225%2C300&amp;ssl=1\" data-large-file=\"https:\/\/i0.wp.com\/juk.hmkw.de\/ma-genz-in\/wp-content\/uploads\/sites\/14\/2022\/07\/dsc_0118-1-e1657155537900-scaled.jpg?fit=700%2C935&amp;ssl=1\" src=\"https:\/\/i0.wp.com\/juk.hmkw.de\/ma-genz-in\/wp-content\/uploads\/sites\/14\/2022\/07\/dsc_0118-1-e1657155537900.jpg?w=700\" alt=\"\" class=\"wp-image-552 size-full\" data-recalc-dims=\"1\" \/><\/figure><div class=\"wp-block-media-text__content\">\n<p>Tag, ich bin 20 Jahre alt und komme aus Echzell, einer kleinen Stadt in der N\u00e4he von Friedberg und Bad Nauheim. Au\u00dferdem bin ich fu\u00dfballinteressiert und bin Fan vom besten Verein der Welt: Eintracht Frankfurt. Nebenbei verfolge ich die E-Sport Events und Spieltage, aber nur sporadisch. Fu\u00dfball steht bei mir im Mittelpunkt und mein Fokus ist neben der Eintracht bei anderen Spielen aus den Top 5 Ligen und nat\u00fcrlich auch bei den Turnieren. Im Prinzip war das auch schon alles. Hoffentlich konntet ihr einen guten Eindruck von unserem Projekt gewinnen. Danke f\u00fcrs Lesen!<\/p>\n\n\n\n<div class=\"wp-container-1 wp-block-buttons\">\n<div class=\"wp-block-button\"><a class=\"wp-block-button__link has-text-color\" href=\"https:\/\/juk.hmkw.de\/ma-genz-in\/e-sport-als-neuer-trend\/\" style=\"color:#e1ff4d\">Das besch\u00e4ftigt mich<\/a><\/div>\n<\/div>\n<\/div><\/div>\n","protected":false},"excerpt":{"rendered":"","protected":false},"author":73,"featured_media":1026,"parent":0,"menu_order":0,"comment_status":"closed","ping_status":"closed","template":"","meta":[],"jetpack_sharing_enabled":true,"_links":{"self":[{"href":"https:\/\/juk.hmkw.de\/ma-genz-in\/wp-json\/wp\/v2\/pages\/549"}],"collection":[{"href":"https:\/\/juk.hmkw.de\/ma-genz-in\/wp-json\/wp\/v2\/pages"}],"about":[{"href":"https:\/\/juk.hmkw.de\/ma-genz-in\/wp-json\/wp\/v2\/types\/page"}],"author":[{"embeddable":true,"href":"https:\/\/juk.hmkw.de\/ma-genz-in\/wp-json\/wp\/v2\/users\/73"}],"replies":[{"embeddable":true,"href":"https:\/\/juk.hmkw.de\/ma-genz-in\/wp-json\/wp\/v2\/comments?post=549"}],"version-history":[{"count":3,"href":"https:\/\/juk.hmkw.de\/ma-genz-in\/wp-json\/wp\/v2\/pages\/549\/revisions"}],"predecessor-version":[{"id":1374,"href":"https:\/\/juk.hmkw.de\/ma-genz-in\/wp-json\/wp\/v2\/pages\/549\/revisions\/1374"}],"wp:featuredmedia":[{"embeddable":true,"href":"https:\/\/juk.hmkw.de\/ma-genz-in\/wp-json\/wp\/v2\/media\/1026"}],"wp:attachment":[{"href":"https:\/\/juk.hmkw.de\/ma-genz-in\/wp-json\/wp\/v2\/media?parent=549"}],"curies":[{"name":"wp","href":"https:\/\/api.w.org\/{rel}","templated":true}]}}