{"id":514,"date":"2022-07-06T16:27:25","date_gmt":"2022-07-06T14:27:25","guid":{"rendered":"https:\/\/genzhmkw.wordpress.com\/?page_id=514"},"modified":"2022-08-10T10:48:52","modified_gmt":"2022-08-10T08:48:52","slug":"lea","status":"publish","type":"page","link":"https:\/\/juk.hmkw.de\/ma-genz-in\/lea\/","title":{"rendered":"Lea"},"content":{"rendered":"\n<p class=\"has-white-color has-black-background-color has-text-color has-background\">stv. Chefredakteurin, Ressortleiterin Health<\/p>\n\n\n\n<div class=\"wp-block-media-text alignwide is-stacked-on-mobile has-white-color has-black-background-color has-text-color has-background\"><figure class=\"wp-block-media-text__media\"><img data-attachment-id=\"627\" data-permalink=\"https:\/\/juk.hmkw.de\/ma-genz-in\/dsc_0052-2\/\" data-orig-file=\"https:\/\/i0.wp.com\/juk.hmkw.de\/ma-genz-in\/wp-content\/uploads\/sites\/14\/2022\/07\/dsc_0052-edited-e1657156999102-scaled.jpg?fit=2030%2C2560&amp;ssl=1\" data-orig-size=\"2030,2560\" data-comments-opened=\"1\" data-image-meta=\"{&quot;aperture&quot;:&quot;0&quot;,&quot;credit&quot;:&quot;&quot;,&quot;camera&quot;:&quot;&quot;,&quot;caption&quot;:&quot;&quot;,&quot;created_timestamp&quot;:&quot;0&quot;,&quot;copyright&quot;:&quot;&quot;,&quot;focal_length&quot;:&quot;0&quot;,&quot;iso&quot;:&quot;0&quot;,&quot;shutter_speed&quot;:&quot;0&quot;,&quot;title&quot;:&quot;&quot;,&quot;orientation&quot;:&quot;0&quot;}\" data-image-title=\"DSC_0052\" data-image-description=\"\" data-image-caption=\"&lt;p&gt;Lea&lt;\/p&gt;\n\" data-medium-file=\"https:\/\/i0.wp.com\/juk.hmkw.de\/ma-genz-in\/wp-content\/uploads\/sites\/14\/2022\/07\/dsc_0052-edited-e1657156999102-scaled.jpg?fit=238%2C300&amp;ssl=1\" data-large-file=\"https:\/\/i0.wp.com\/juk.hmkw.de\/ma-genz-in\/wp-content\/uploads\/sites\/14\/2022\/07\/dsc_0052-edited-e1657156999102-scaled.jpg?fit=700%2C883&amp;ssl=1\" src=\"https:\/\/i0.wp.com\/juk.hmkw.de\/ma-genz-in\/wp-content\/uploads\/sites\/14\/2022\/07\/dsc_0052-edited-e1657156999102.jpg?w=700\" alt=\"\" class=\"wp-image-627 size-full\" data-recalc-dims=\"1\" \/><\/figure><div class=\"wp-block-media-text__content\">\n<p>Huhu! Ich bin 21 Jahre alt und ohne meinen Kaffee am Morgen sollte man mir vermutlich lieber aus dem Weg gehen, aber ansonsten bin ich nett, versprochen. Wenn ich nicht gerade im Gym bin und mich mit allem rund ums Training besch\u00e4ftige, dann trifft man mich vermutlich irgendwo mit meinen Kopfh\u00f6rern am Lesen oder Schreiben an. Ohne Musik geht bei mir nichts haha. Und weil mich hier nichts wirklich h\u00e4lt und ich schon immer gerne am Reisen war, lerne ich nebenbei noch gerne andere Sprachen (zugegeben mal mehr und mal weniger diszipliniert). Im besten Fall lande ich am Ende in einem Strandhaus in Australien.<\/p>\n\n\n\n<div class=\"wp-container-1 wp-block-buttons\">\n<div class=\"wp-block-button\"><a class=\"wp-block-button__link has-text-color\" href=\"https:\/\/juk.hmkw.de\/ma-genz-in\/fit-filter-selfie-posten\/\" style=\"color:#e1ff4d\">Das besch\u00e4ftigt mich<\/a><\/div>\n<\/div>\n<\/div><\/div>\n","protected":false},"excerpt":{"rendered":"<p>stv. Chefredakteurin, Ressortleiterin Health<\/p>\n","protected":false},"author":73,"featured_media":1026,"parent":0,"menu_order":0,"comment_status":"closed","ping_status":"closed","template":"","meta":[],"jetpack_sharing_enabled":true,"_links":{"self":[{"href":"https:\/\/juk.hmkw.de\/ma-genz-in\/wp-json\/wp\/v2\/pages\/514"}],"collection":[{"href":"https:\/\/juk.hmkw.de\/ma-genz-in\/wp-json\/wp\/v2\/pages"}],"about":[{"href":"https:\/\/juk.hmkw.de\/ma-genz-in\/wp-json\/wp\/v2\/types\/page"}],"author":[{"embeddable":true,"href":"https:\/\/juk.hmkw.de\/ma-genz-in\/wp-json\/wp\/v2\/users\/73"}],"replies":[{"embeddable":true,"href":"https:\/\/juk.hmkw.de\/ma-genz-in\/wp-json\/wp\/v2\/comments?post=514"}],"version-history":[{"count":2,"href":"https:\/\/juk.hmkw.de\/ma-genz-in\/wp-json\/wp\/v2\/pages\/514\/revisions"}],"predecessor-version":[{"id":1419,"href":"https:\/\/juk.hmkw.de\/ma-genz-in\/wp-json\/wp\/v2\/pages\/514\/revisions\/1419"}],"wp:featuredmedia":[{"embeddable":true,"href":"https:\/\/juk.hmkw.de\/ma-genz-in\/wp-json\/wp\/v2\/media\/1026"}],"wp:attachment":[{"href":"https:\/\/juk.hmkw.de\/ma-genz-in\/wp-json\/wp\/v2\/media?parent=514"}],"curies":[{"name":"wp","href":"https:\/\/api.w.org\/{rel}","templated":true}]}}