{"id":501,"date":"2022-07-06T16:23:35","date_gmt":"2022-07-06T14:23:35","guid":{"rendered":"https:\/\/genzhmkw.wordpress.com\/?page_id=501"},"modified":"2022-08-09T19:49:08","modified_gmt":"2022-08-09T17:49:08","slug":"pia","status":"publish","type":"page","link":"https:\/\/juk.hmkw.de\/ma-genz-in\/pia\/","title":{"rendered":"Pia"},"content":{"rendered":"\n<div class=\"wp-block-media-text alignwide is-stacked-on-mobile has-white-color has-black-background-color has-text-color has-background\"><figure class=\"wp-block-media-text__media\"><img data-attachment-id=\"503\" data-permalink=\"https:\/\/juk.hmkw.de\/ma-genz-in\/pia\/foto-galerie-1\/\" data-orig-file=\"https:\/\/i0.wp.com\/juk.hmkw.de\/ma-genz-in\/wp-content\/uploads\/sites\/14\/2022\/07\/foto-galerie-1-e1657157304630-scaled.jpg?fit=2192%2C2560&amp;ssl=1\" data-orig-size=\"2192,2560\" data-comments-opened=\"1\" data-image-meta=\"{&quot;aperture&quot;:&quot;0&quot;,&quot;credit&quot;:&quot;&quot;,&quot;camera&quot;:&quot;&quot;,&quot;caption&quot;:&quot;&quot;,&quot;created_timestamp&quot;:&quot;0&quot;,&quot;copyright&quot;:&quot;&quot;,&quot;focal_length&quot;:&quot;0&quot;,&quot;iso&quot;:&quot;0&quot;,&quot;shutter_speed&quot;:&quot;0&quot;,&quot;title&quot;:&quot;&quot;,&quot;orientation&quot;:&quot;0&quot;}\" data-image-title=\"foto-galerie-1\" data-image-description=\"\" data-image-caption=\"\" data-medium-file=\"https:\/\/i0.wp.com\/juk.hmkw.de\/ma-genz-in\/wp-content\/uploads\/sites\/14\/2022\/07\/foto-galerie-1-e1657157304630-scaled.jpg?fit=257%2C300&amp;ssl=1\" data-large-file=\"https:\/\/i0.wp.com\/juk.hmkw.de\/ma-genz-in\/wp-content\/uploads\/sites\/14\/2022\/07\/foto-galerie-1-e1657157304630-scaled.jpg?fit=700%2C817&amp;ssl=1\" src=\"https:\/\/i0.wp.com\/juk.hmkw.de\/ma-genz-in\/wp-content\/uploads\/sites\/14\/2022\/07\/foto-galerie-1-e1657157304630.jpg?w=700\" alt=\"\" class=\"wp-image-503 size-full\" data-recalc-dims=\"1\" \/><\/figure><div class=\"wp-block-media-text__content\">\n<p>Hall\u00f6chen! Ich bin 19 Jahre alt und komme urspr\u00fcnglich aus dem Schwabenl\u00e4ndle. In letzter Zeit hab ich nicht nur rausgefunden, dass ich sehr lichtempfindlich bin (shoutout an die unerm\u00fcdlichen Fotografinnen Lisa + Malin), sondern auch, wie flauschig ein Buzzcut tats\u00e4chlich ist. Ich bin super gerne von Natur umgeben und eventuell s\u00fcchtig nach Sonnenunterg\u00e4ngen. Mein liebster Serotonin-Boost sind Kuscheleinheiten mit meiner Katze oder wie bekloppt durchs Zimmer tanzen &#8211; nat\u00fcrlich sehr zur Freude der Nachbarn unter mir \ud83d\ude09\u00a0<\/p>\n\n\n\n<div class=\"wp-container-1 wp-block-buttons\">\n<div class=\"wp-block-button\"><a class=\"wp-block-button__link has-text-color\" href=\"https:\/\/juk.hmkw.de\/ma-genz-in\/aktion-uber-perfektion\/\" style=\"color:#e1ff4d\">Das besch\u00e4ftigt mich<\/a><\/div>\n<\/div>\n<\/div><\/div>\n","protected":false},"excerpt":{"rendered":"","protected":false},"author":73,"featured_media":1026,"parent":0,"menu_order":0,"comment_status":"closed","ping_status":"closed","template":"","meta":[],"jetpack_sharing_enabled":true,"_links":{"self":[{"href":"https:\/\/juk.hmkw.de\/ma-genz-in\/wp-json\/wp\/v2\/pages\/501"}],"collection":[{"href":"https:\/\/juk.hmkw.de\/ma-genz-in\/wp-json\/wp\/v2\/pages"}],"about":[{"href":"https:\/\/juk.hmkw.de\/ma-genz-in\/wp-json\/wp\/v2\/types\/page"}],"author":[{"embeddable":true,"href":"https:\/\/juk.hmkw.de\/ma-genz-in\/wp-json\/wp\/v2\/users\/73"}],"replies":[{"embeddable":true,"href":"https:\/\/juk.hmkw.de\/ma-genz-in\/wp-json\/wp\/v2\/comments?post=501"}],"version-history":[{"count":2,"href":"https:\/\/juk.hmkw.de\/ma-genz-in\/wp-json\/wp\/v2\/pages\/501\/revisions"}],"predecessor-version":[{"id":1323,"href":"https:\/\/juk.hmkw.de\/ma-genz-in\/wp-json\/wp\/v2\/pages\/501\/revisions\/1323"}],"wp:featuredmedia":[{"embeddable":true,"href":"https:\/\/juk.hmkw.de\/ma-genz-in\/wp-json\/wp\/v2\/media\/1026"}],"wp:attachment":[{"href":"https:\/\/juk.hmkw.de\/ma-genz-in\/wp-json\/wp\/v2\/media?parent=501"}],"curies":[{"name":"wp","href":"https:\/\/api.w.org\/{rel}","templated":true}]}}