{"id":254,"date":"2022-05-05T13:28:25","date_gmt":"2022-05-05T11:28:25","guid":{"rendered":"https:\/\/genzhmkw.wordpress.com\/?page_id=254"},"modified":"2022-09-05T09:51:40","modified_gmt":"2022-09-05T07:51:40","slug":"future","status":"publish","type":"page","link":"https:\/\/juk.hmkw.de\/ma-genz-in\/future\/","title":{"rendered":"FUTURE"},"content":{"rendered":"\n<p class=\"has-white-color has-black-background-color has-text-color has-background\">Das Leben im Hier und Jetzt genie\u00dfen und die Sorgen von morgen einfach vergessen \u2013 f\u00fcr viele \u00e4ltere Generationen macht es den Anschein, dass die Jugend von heute nur nach diesem Motto lebt. Die Realit\u00e4t sieht aber anders aus. Viele unserer Generation machen sich Gedanken dar\u00fcber, wie sie die Herausforderungen der Gesellschaft meistern sollen. Die Generation Z k\u00fcmmert sich um unseren Planeten \u2013 wir nehmen unsere Zukunft selbst in die Hand. Wo m\u00fcssen wir jetzt schon anpacken und was k\u00f6nnen wir \u00e4ndern? Hier erf\u00e4hrst du mehr dar\u00fcber, was die Generation Z \u00fcber ihre Zukunft denkt und was sie daf\u00fcr tut.<\/p>\n\n\n","protected":false},"excerpt":{"rendered":"<p>Das Leben im Hier und Jetzt genie\u00dfen und die Sorgen von morgen einfach vergessen \u2013 f\u00fcr viele \u00e4ltere Generationen macht es den Anschein, dass die Jugend von heute nur nach diesem Motto lebt. Die Realit\u00e4t sieht aber anders aus. Viele unserer Generation machen sich Gedanken dar\u00fcber, wie sie die Herausforderungen der Gesellschaft meistern sollen. Die &hellip; <a href=\"https:\/\/juk.hmkw.de\/ma-genz-in\/future\/\" class=\"more-link\"><span class=\"screen-reader-text\">FUTURE<\/span> weiterlesen <span class=\"meta-nav\">&rarr;<\/span><\/a><\/p>\n","protected":false},"author":73,"featured_media":718,"parent":0,"menu_order":0,"comment_status":"closed","ping_status":"closed","template":"","meta":[],"jetpack_sharing_enabled":true,"_links":{"self":[{"href":"https:\/\/juk.hmkw.de\/ma-genz-in\/wp-json\/wp\/v2\/pages\/254"}],"collection":[{"href":"https:\/\/juk.hmkw.de\/ma-genz-in\/wp-json\/wp\/v2\/pages"}],"about":[{"href":"https:\/\/juk.hmkw.de\/ma-genz-in\/wp-json\/wp\/v2\/types\/page"}],"author":[{"embeddable":true,"href":"https:\/\/juk.hmkw.de\/ma-genz-in\/wp-json\/wp\/v2\/users\/73"}],"replies":[{"embeddable":true,"href":"https:\/\/juk.hmkw.de\/ma-genz-in\/wp-json\/wp\/v2\/comments?post=254"}],"version-history":[{"count":3,"href":"https:\/\/juk.hmkw.de\/ma-genz-in\/wp-json\/wp\/v2\/pages\/254\/revisions"}],"predecessor-version":[{"id":1620,"href":"https:\/\/juk.hmkw.de\/ma-genz-in\/wp-json\/wp\/v2\/pages\/254\/revisions\/1620"}],"wp:featuredmedia":[{"embeddable":true,"href":"https:\/\/juk.hmkw.de\/ma-genz-in\/wp-json\/wp\/v2\/media\/718"}],"wp:attachment":[{"href":"https:\/\/juk.hmkw.de\/ma-genz-in\/wp-json\/wp\/v2\/media?parent=254"}],"curies":[{"name":"wp","href":"https:\/\/api.w.org\/{rel}","templated":true}]}}